{"id":8382,"date":"2022-03-21T10:29:48","date_gmt":"2022-03-21T09:29:48","guid":{"rendered":"https:\/\/www.groods.de\/index.php\/produkt\/outdoor-camping-kuechenbox\/"},"modified":"2025-01-22T11:26:09","modified_gmt":"2025-01-22T10:26:09","slug":"outdoor-camping-kuechenbox","status":"publish","type":"product","link":"https:\/\/www.groods.de\/index.php\/produkt\/outdoor-camping-kuechenbox\/","title":{"rendered":"Outdoor Camping K\u00fcchenbox"},"content":{"rendered":"<h1>Outdoor Camping K\u00fcchenbox<\/h1>\n<p>Unsere Camping K\u00fcchenbox ist die mobile K\u00fcchenl\u00f6sung f\u00fcr den Wohnmobil-, Camping- und Outdoorbereich. Keine teuren, platzraubenden Einbauten mehr in Euren Campingbussen mit K\u00fcchenm\u00f6beln und Sliderausz\u00fcgen. Die K\u00fcchenbox ersetzt gleichzeitig den Campingtisch.<\/p>\n<p>Unsere Camping K\u00fcchenbox ist ein mobiles K\u00fcchem\u00f6bel, welches alles mitbringt, was man im Camping- und Outdoorbereich f\u00fcr das Kochen ben\u00f6tigt. Super praktisch mit stabilem, leichtem Aluminium-Gest\u00e4nge und Gasdruckfedern \u2013 in Sekundenschnelle aufgebaut:\u00a0<strong>Auspacken\u2026 entfalten\u2026 fixieren\u2026 fertig!<\/strong><\/p>\n<p>Aufgrund ihrer kompakten Ma\u00dfe (BxTxH: 65 x 33,5 x 39 cm) und dem geringen Gewicht von ca. 12kg (Leergewicht) eignet sie sich ideal als Campingbegleiter und findet in jedem Fahrzeug ihren Platz. Viele praktischen Details machen die K\u00fcchenbox einzigartig. Sie bietet z.B. klappbare Griffe und F\u00fc\u00dfe, Gasdruckfedern, Transportrollen zum ziehen und vieles mehr! \u00a0Daran erkennen Sie jahrelange Outdoor Erfahrung und die Liebe zum Detail die bei der Entwicklung der Box zum tragen kamen.<\/p>\n<p>Die Camping K\u00fcchenbox bietet Stauraum f\u00fcr Koch- und Geschirrzubeh\u00f6r f\u00fcr bis zu 4 Personen (Auslieferung der Box erfolgt ohne Zubeh\u00f6r)<\/p>\n<p>Im Preis enthalten 1x Camping K\u00fcchenbox, 1x Windschutz, 1x Transportabdeckung<\/p>\n","protected":false},"excerpt":{"rendered":"<p>Outdoor Camping K\u00fcchenbox Unsere Camping K\u00fcchenbox ist die mobile K\u00fcchenl\u00f6sung f\u00fcr den Wohnmobil-, Camping- und Outdoorbereich. Keine teuren, platzraubenden Einbauten mehr in Euren Campingbussen mit K\u00fcchenm\u00f6beln und Sliderausz\u00fcgen. Die K\u00fcchenbox ersetzt gleichzeitig den Campingtisch. Unsere Camping K\u00fcchenbox ist ein mobiles K\u00fcchem\u00f6bel, welches alles mitbringt, was man im Camping- und Outdoorbereich f\u00fcr das Kochen ben\u00f6tigt. Super [&hellip;]<\/p>\n","protected":false},"featured_media":8403,"comment_status":"open","ping_status":"closed","template":"","meta":[],"product_brand":[],"product_cat":[86,111,79],"product_tag":[],"class_list":{"0":"post-8382","1":"product","2":"type-product","3":"status-publish","4":"has-post-thumbnail","6":"product_cat-neue-produkte","7":"product_cat-outdoor-camping","8":"product_cat-weitere-produkte","10":"first","11":"instock","12":"taxable","13":"shipping-taxable","14":"purchasable","15":"product-type-simple"},"yoast_head":"<!-- This site is optimized with the Yoast SEO plugin v26.7 - https:\/\/yoast.com\/wordpress\/plugins\/seo\/ -->\n<title>Outdoor Camping K\u00fcchenbox - gRoods<\/title>\n<meta name=\"robots\" content=\"index, follow, max-snippet:-1, max-image-preview:large, max-video-preview:-1\" \/>\n<link rel=\"canonical\" href=\"https:\/\/www.groods.de\/index.php\/produkt\/outdoor-camping-kuechenbox\/\" \/>\n<meta property=\"og:locale\" content=\"de_DE\" \/>\n<meta property=\"og:type\" content=\"article\" \/>\n<meta property=\"og:title\" content=\"Outdoor Camping K\u00fcchenbox - gRoods\" \/>\n<meta property=\"og:description\" content=\"Outdoor Camping K\u00fcchenbox Unsere Camping K\u00fcchenbox ist die mobile K\u00fcchenl\u00f6sung f\u00fcr den Wohnmobil-, Camping- und Outdoorbereich. Keine teuren, platzraubenden Einbauten mehr in Euren Campingbussen mit K\u00fcchenm\u00f6beln und Sliderausz\u00fcgen. Die K\u00fcchenbox ersetzt gleichzeitig den Campingtisch. Unsere Camping K\u00fcchenbox ist ein mobiles K\u00fcchem\u00f6bel, welches alles mitbringt, was man im Camping- und Outdoorbereich f\u00fcr das Kochen ben\u00f6tigt. Super [&hellip;]\" \/>\n<meta property=\"og:url\" content=\"https:\/\/www.groods.de\/index.php\/produkt\/outdoor-camping-kuechenbox\/\" \/>\n<meta property=\"og:site_name\" content=\"gRoods\" \/>\n<meta property=\"article:modified_time\" content=\"2025-01-22T10:26:09+00:00\" \/>\n<meta property=\"og:image\" content=\"https:\/\/www.groods.de\/wp-content\/uploads\/2022\/03\/Campingkueche_komplett_2.jpg\" \/>\n\t<meta property=\"og:image:width\" content=\"2207\" \/>\n\t<meta property=\"og:image:height\" content=\"1737\" \/>\n\t<meta property=\"og:image:type\" content=\"image\/jpeg\" \/>\n<meta name=\"twitter:card\" content=\"summary_large_image\" \/>\n<meta name=\"twitter:label1\" content=\"Gesch\u00e4tzte Lesezeit\" \/>\n\t<meta name=\"twitter:data1\" content=\"2\u00a0Minuten\" \/>\n<script type=\"application\/ld+json\" class=\"yoast-schema-graph\">{\"@context\":\"https:\/\/schema.org\",\"@graph\":[{\"@type\":\"WebPage\",\"@id\":\"https:\/\/www.groods.de\/index.php\/produkt\/outdoor-camping-kuechenbox\/\",\"url\":\"https:\/\/www.groods.de\/index.php\/produkt\/outdoor-camping-kuechenbox\/\",\"name\":\"Outdoor Camping K\u00fcchenbox - gRoods\",\"isPartOf\":{\"@id\":\"https:\/\/www.groods.de\/#website\"},\"primaryImageOfPage\":{\"@id\":\"https:\/\/www.groods.de\/index.php\/produkt\/outdoor-camping-kuechenbox\/#primaryimage\"},\"image\":{\"@id\":\"https:\/\/www.groods.de\/index.php\/produkt\/outdoor-camping-kuechenbox\/#primaryimage\"},\"thumbnailUrl\":\"https:\/\/www.groods.de\/wp-content\/uploads\/2022\/03\/Campingkueche_komplett_2.jpg\",\"datePublished\":\"2022-03-21T09:29:48+00:00\",\"dateModified\":\"2025-01-22T10:26:09+00:00\",\"breadcrumb\":{\"@id\":\"https:\/\/www.groods.de\/index.php\/produkt\/outdoor-camping-kuechenbox\/#breadcrumb\"},\"inLanguage\":\"de\",\"potentialAction\":[{\"@type\":\"ReadAction\",\"target\":[\"https:\/\/www.groods.de\/index.php\/produkt\/outdoor-camping-kuechenbox\/\"]}]},{\"@type\":\"ImageObject\",\"inLanguage\":\"de\",\"@id\":\"https:\/\/www.groods.de\/index.php\/produkt\/outdoor-camping-kuechenbox\/#primaryimage\",\"url\":\"https:\/\/www.groods.de\/wp-content\/uploads\/2022\/03\/Campingkueche_komplett_2.jpg\",\"contentUrl\":\"https:\/\/www.groods.de\/wp-content\/uploads\/2022\/03\/Campingkueche_komplett_2.jpg\",\"width\":2207,\"height\":1737},{\"@type\":\"BreadcrumbList\",\"@id\":\"https:\/\/www.groods.de\/index.php\/produkt\/outdoor-camping-kuechenbox\/#breadcrumb\",\"itemListElement\":[{\"@type\":\"ListItem\",\"position\":1,\"name\":\"Startseite\",\"item\":\"https:\/\/www.groods.de\/\"},{\"@type\":\"ListItem\",\"position\":2,\"name\":\"Shop\",\"item\":\"https:\/\/www.groods.de\/index.php\/shop\/\"},{\"@type\":\"ListItem\",\"position\":3,\"name\":\"Outdoor Camping K\u00fcchenbox\"}]},{\"@type\":\"WebSite\",\"@id\":\"https:\/\/www.groods.de\/#website\",\"url\":\"https:\/\/www.groods.de\/\",\"name\":\"gRoods.de\",\"description\":\"Entdecke die Welt der Speedcubes\",\"publisher\":{\"@id\":\"https:\/\/www.groods.de\/#organization\"},\"potentialAction\":[{\"@type\":\"SearchAction\",\"target\":{\"@type\":\"EntryPoint\",\"urlTemplate\":\"https:\/\/www.groods.de\/?s={search_term_string}\"},\"query-input\":{\"@type\":\"PropertyValueSpecification\",\"valueRequired\":true,\"valueName\":\"search_term_string\"}}],\"inLanguage\":\"de\"},{\"@type\":\"Organization\",\"@id\":\"https:\/\/www.groods.de\/#organization\",\"name\":\"gRoods.de\",\"url\":\"https:\/\/www.groods.de\/\",\"logo\":{\"@type\":\"ImageObject\",\"inLanguage\":\"de\",\"@id\":\"https:\/\/www.groods.de\/#\/schema\/logo\/image\/\",\"url\":\"https:\/\/www.groods.de\/wp-content\/uploads\/2018\/08\/logo.png\",\"contentUrl\":\"https:\/\/www.groods.de\/wp-content\/uploads\/2018\/08\/logo.png\",\"width\":1077,\"height\":373,\"caption\":\"gRoods.de\"},\"image\":{\"@id\":\"https:\/\/www.groods.de\/#\/schema\/logo\/image\/\"}}]}<\/script>\n<!-- \/ Yoast SEO plugin. -->","yoast_head_json":{"title":"Outdoor Camping K\u00fcchenbox - gRoods","robots":{"index":"index","follow":"follow","max-snippet":"max-snippet:-1","max-image-preview":"max-image-preview:large","max-video-preview":"max-video-preview:-1"},"canonical":"https:\/\/www.groods.de\/index.php\/produkt\/outdoor-camping-kuechenbox\/","og_locale":"de_DE","og_type":"article","og_title":"Outdoor Camping K\u00fcchenbox - gRoods","og_description":"Outdoor Camping K\u00fcchenbox Unsere Camping K\u00fcchenbox ist die mobile K\u00fcchenl\u00f6sung f\u00fcr den Wohnmobil-, Camping- und Outdoorbereich. Keine teuren, platzraubenden Einbauten mehr in Euren Campingbussen mit K\u00fcchenm\u00f6beln und Sliderausz\u00fcgen. Die K\u00fcchenbox ersetzt gleichzeitig den Campingtisch. Unsere Camping K\u00fcchenbox ist ein mobiles K\u00fcchem\u00f6bel, welches alles mitbringt, was man im Camping- und Outdoorbereich f\u00fcr das Kochen ben\u00f6tigt. Super [&hellip;]","og_url":"https:\/\/www.groods.de\/index.php\/produkt\/outdoor-camping-kuechenbox\/","og_site_name":"gRoods","article_modified_time":"2025-01-22T10:26:09+00:00","og_image":[{"width":2207,"height":1737,"url":"https:\/\/www.groods.de\/wp-content\/uploads\/2022\/03\/Campingkueche_komplett_2.jpg","type":"image\/jpeg"}],"twitter_card":"summary_large_image","twitter_misc":{"Gesch\u00e4tzte Lesezeit":"2\u00a0Minuten"},"schema":{"@context":"https:\/\/schema.org","@graph":[{"@type":"WebPage","@id":"https:\/\/www.groods.de\/index.php\/produkt\/outdoor-camping-kuechenbox\/","url":"https:\/\/www.groods.de\/index.php\/produkt\/outdoor-camping-kuechenbox\/","name":"Outdoor Camping K\u00fcchenbox - gRoods","isPartOf":{"@id":"https:\/\/www.groods.de\/#website"},"primaryImageOfPage":{"@id":"https:\/\/www.groods.de\/index.php\/produkt\/outdoor-camping-kuechenbox\/#primaryimage"},"image":{"@id":"https:\/\/www.groods.de\/index.php\/produkt\/outdoor-camping-kuechenbox\/#primaryimage"},"thumbnailUrl":"https:\/\/www.groods.de\/wp-content\/uploads\/2022\/03\/Campingkueche_komplett_2.jpg","datePublished":"2022-03-21T09:29:48+00:00","dateModified":"2025-01-22T10:26:09+00:00","breadcrumb":{"@id":"https:\/\/www.groods.de\/index.php\/produkt\/outdoor-camping-kuechenbox\/#breadcrumb"},"inLanguage":"de","potentialAction":[{"@type":"ReadAction","target":["https:\/\/www.groods.de\/index.php\/produkt\/outdoor-camping-kuechenbox\/"]}]},{"@type":"ImageObject","inLanguage":"de","@id":"https:\/\/www.groods.de\/index.php\/produkt\/outdoor-camping-kuechenbox\/#primaryimage","url":"https:\/\/www.groods.de\/wp-content\/uploads\/2022\/03\/Campingkueche_komplett_2.jpg","contentUrl":"https:\/\/www.groods.de\/wp-content\/uploads\/2022\/03\/Campingkueche_komplett_2.jpg","width":2207,"height":1737},{"@type":"BreadcrumbList","@id":"https:\/\/www.groods.de\/index.php\/produkt\/outdoor-camping-kuechenbox\/#breadcrumb","itemListElement":[{"@type":"ListItem","position":1,"name":"Startseite","item":"https:\/\/www.groods.de\/"},{"@type":"ListItem","position":2,"name":"Shop","item":"https:\/\/www.groods.de\/index.php\/shop\/"},{"@type":"ListItem","position":3,"name":"Outdoor Camping K\u00fcchenbox"}]},{"@type":"WebSite","@id":"https:\/\/www.groods.de\/#website","url":"https:\/\/www.groods.de\/","name":"gRoods.de","description":"Entdecke die Welt der Speedcubes","publisher":{"@id":"https:\/\/www.groods.de\/#organization"},"potentialAction":[{"@type":"SearchAction","target":{"@type":"EntryPoint","urlTemplate":"https:\/\/www.groods.de\/?s={search_term_string}"},"query-input":{"@type":"PropertyValueSpecification","valueRequired":true,"valueName":"search_term_string"}}],"inLanguage":"de"},{"@type":"Organization","@id":"https:\/\/www.groods.de\/#organization","name":"gRoods.de","url":"https:\/\/www.groods.de\/","logo":{"@type":"ImageObject","inLanguage":"de","@id":"https:\/\/www.groods.de\/#\/schema\/logo\/image\/","url":"https:\/\/www.groods.de\/wp-content\/uploads\/2018\/08\/logo.png","contentUrl":"https:\/\/www.groods.de\/wp-content\/uploads\/2018\/08\/logo.png","width":1077,"height":373,"caption":"gRoods.de"},"image":{"@id":"https:\/\/www.groods.de\/#\/schema\/logo\/image\/"}}]}},"_links":{"self":[{"href":"https:\/\/www.groods.de\/index.php\/wp-json\/wp\/v2\/product\/8382","targetHints":{"allow":["GET"]}}],"collection":[{"href":"https:\/\/www.groods.de\/index.php\/wp-json\/wp\/v2\/product"}],"about":[{"href":"https:\/\/www.groods.de\/index.php\/wp-json\/wp\/v2\/types\/product"}],"replies":[{"embeddable":true,"href":"https:\/\/www.groods.de\/index.php\/wp-json\/wp\/v2\/comments?post=8382"}],"wp:featuredmedia":[{"embeddable":true,"href":"https:\/\/www.groods.de\/index.php\/wp-json\/wp\/v2\/media\/8403"}],"wp:attachment":[{"href":"https:\/\/www.groods.de\/index.php\/wp-json\/wp\/v2\/media?parent=8382"}],"wp:term":[{"taxonomy":"product_brand","embeddable":true,"href":"https:\/\/www.groods.de\/index.php\/wp-json\/wp\/v2\/product_brand?post=8382"},{"taxonomy":"product_cat","embeddable":true,"href":"https:\/\/www.groods.de\/index.php\/wp-json\/wp\/v2\/product_cat?post=8382"},{"taxonomy":"product_tag","embeddable":true,"href":"https:\/\/www.groods.de\/index.php\/wp-json\/wp\/v2\/product_tag?post=8382"}],"curies":[{"name":"wp","href":"https:\/\/api.w.org\/{rel}","templated":true}]}}