{"id":7654,"date":"2021-11-25T11:57:06","date_gmt":"2021-11-25T10:57:06","guid":{"rendered":"https:\/\/www.groods.de\/index.php\/produkt\/gan-356-i-carry-bluetooth-smart-speedcube\/"},"modified":"2025-11-19T22:35:14","modified_gmt":"2025-11-19T21:35:14","slug":"gan-356-i-carry-bluetooth-smart-speedcube","status":"publish","type":"product","link":"https:\/\/www.groods.de\/index.php\/produkt\/gan-356-i-carry-bluetooth-smart-speedcube\/","title":{"rendered":"GAN 356 i carry &#8211; Bluetooth smart Speedcube"},"content":{"rendered":"<h1>GAN 356 i carry &#8211; Bluetooth smart Speedcube<\/h1>\n<p>Der GAN 356 i Carry ist der neueste magnetische Bluetooth Smart Cube von GAN. Anstelle eines Ladeger\u00e4ts wird dieser W\u00fcrfel mit austauschbaren Knopfzellen betrieben.\u00a0Der i Carry bietet eine verbesserte Leistung, die mit dem Flaggschiff 2020, dem GAN 11 M Pro, vergleichbar ist.<\/p>\n<p>Mit einem Gewicht von 77 g bietet dieser leichte Smart Cube 280 Stunden Spielzeit. Er hat mattierten Kunststoff und sch\u00f6ne perlwei\u00dfe Innenteile.<\/p>\n<p>Der i Carry verf\u00fcgt \u00fcber kein Gyroskop, mit dem Bewegungen verfolgt werden k\u00f6nnen! Dieses bietet nur der GAN 356i, den Sie auch bei uns erwerben k\u00f6nnen.<\/p>\n<p>Verbinden Sie Ihren GAN-Cube \u00fcber Bluetooth mit der Cube Station-App Ihres Telefons und genie\u00dfen Sie viele coole Funktionen! Die Cube Station App liefert dir Statistiken basierend auf deinen L\u00f6sungszeiten, Trainings\u00fcbungen, Duelle mit Cubern auf der ganzen Welt und mehr!<\/p>\n<p>Kompatibel mit dem neuen GAN Smart Timer.<br \/>\nKompatibel mit dem neuen GAN Robot.<\/p>\n<p>Kostenlose Cube Station App kompatibel mit iOS 9.0 (oder h\u00f6her) und Android 4.4 (oder h\u00f6her).<\/p>\n<h4>Kommt mit:<\/h4>\n<p>GAN i Carry 3&#215;3<br \/>\nGAN VIP-Karte<br \/>\nGAN Aufbewahrungsbox<br \/>\nGAN W\u00fcrfeltasche<br \/>\n2 Ersatzs\u00e4tze Spannmuttern<br \/>\n2 Ersatzfedern<br \/>\nCFOP-Anleitung<\/p>\n","protected":false},"excerpt":{"rendered":"<p>GAN 356 i carry &#8211; Bluetooth smart Speedcube Der GAN 356 i Carry ist der neueste magnetische Bluetooth Smart Cube von GAN. Anstelle eines Ladeger\u00e4ts wird dieser W\u00fcrfel mit austauschbaren Knopfzellen betrieben.\u00a0Der i Carry bietet eine verbesserte Leistung, die mit dem Flaggschiff 2020, dem GAN 11 M Pro, vergleichbar ist. Mit einem Gewicht von 77 [&hellip;]<\/p>\n","protected":false},"featured_media":7713,"comment_status":"open","ping_status":"closed","template":"","meta":[],"product_brand":[],"product_cat":[53,88,40,86,107],"product_tag":[],"class_list":{"0":"post-7654","1":"product","2":"type-product","3":"status-publish","4":"has-post-thumbnail","6":"product_cat-3x3","7":"product_cat-gan","8":"product_cat-magnetische-zauberwuerfel","9":"product_cat-neue-produkte","10":"product_cat-smartcubes","12":"first","13":"instock","14":"taxable","15":"shipping-taxable","16":"purchasable","17":"product-type-simple"},"yoast_head":"<!-- This site is optimized with the Yoast SEO plugin v26.7 - https:\/\/yoast.com\/wordpress\/plugins\/seo\/ -->\n<title>GAN 356 i carry - Bluetooth smart Speedcube - gRoods<\/title>\n<meta name=\"robots\" content=\"index, follow, max-snippet:-1, max-image-preview:large, max-video-preview:-1\" \/>\n<link rel=\"canonical\" href=\"https:\/\/www.groods.de\/index.php\/produkt\/gan-356-i-carry-bluetooth-smart-speedcube\/\" \/>\n<meta property=\"og:locale\" content=\"de_DE\" \/>\n<meta property=\"og:type\" content=\"article\" \/>\n<meta property=\"og:title\" content=\"GAN 356 i carry - Bluetooth smart Speedcube - gRoods\" \/>\n<meta property=\"og:description\" content=\"GAN 356 i carry &#8211; Bluetooth smart Speedcube Der GAN 356 i Carry ist der neueste magnetische Bluetooth Smart Cube von GAN. Anstelle eines Ladeger\u00e4ts wird dieser W\u00fcrfel mit austauschbaren Knopfzellen betrieben.\u00a0Der i Carry bietet eine verbesserte Leistung, die mit dem Flaggschiff 2020, dem GAN 11 M Pro, vergleichbar ist. Mit einem Gewicht von 77 [&hellip;]\" \/>\n<meta property=\"og:url\" content=\"https:\/\/www.groods.de\/index.php\/produkt\/gan-356-i-carry-bluetooth-smart-speedcube\/\" \/>\n<meta property=\"og:site_name\" content=\"gRoods\" \/>\n<meta property=\"article:modified_time\" content=\"2025-11-19T21:35:14+00:00\" \/>\n<meta property=\"og:image\" content=\"https:\/\/www.groods.de\/wp-content\/uploads\/2021\/11\/GAN-356i-carry-1.jpg.jpeg\" \/>\n\t<meta property=\"og:image:width\" content=\"1000\" \/>\n\t<meta property=\"og:image:height\" content=\"1000\" \/>\n\t<meta property=\"og:image:type\" content=\"image\/jpeg\" \/>\n<meta name=\"twitter:card\" content=\"summary_large_image\" \/>\n<meta name=\"twitter:label1\" content=\"Gesch\u00e4tzte Lesezeit\" \/>\n\t<meta name=\"twitter:data1\" content=\"2\u00a0Minuten\" \/>\n<script type=\"application\/ld+json\" class=\"yoast-schema-graph\">{\"@context\":\"https:\/\/schema.org\",\"@graph\":[{\"@type\":\"WebPage\",\"@id\":\"https:\/\/www.groods.de\/index.php\/produkt\/gan-356-i-carry-bluetooth-smart-speedcube\/\",\"url\":\"https:\/\/www.groods.de\/index.php\/produkt\/gan-356-i-carry-bluetooth-smart-speedcube\/\",\"name\":\"GAN 356 i carry - Bluetooth smart Speedcube - gRoods\",\"isPartOf\":{\"@id\":\"https:\/\/www.groods.de\/#website\"},\"primaryImageOfPage\":{\"@id\":\"https:\/\/www.groods.de\/index.php\/produkt\/gan-356-i-carry-bluetooth-smart-speedcube\/#primaryimage\"},\"image\":{\"@id\":\"https:\/\/www.groods.de\/index.php\/produkt\/gan-356-i-carry-bluetooth-smart-speedcube\/#primaryimage\"},\"thumbnailUrl\":\"https:\/\/www.groods.de\/wp-content\/uploads\/2021\/11\/GAN-356i-carry-1.jpg.jpeg\",\"datePublished\":\"2021-11-25T10:57:06+00:00\",\"dateModified\":\"2025-11-19T21:35:14+00:00\",\"breadcrumb\":{\"@id\":\"https:\/\/www.groods.de\/index.php\/produkt\/gan-356-i-carry-bluetooth-smart-speedcube\/#breadcrumb\"},\"inLanguage\":\"de\",\"potentialAction\":[{\"@type\":\"ReadAction\",\"target\":[\"https:\/\/www.groods.de\/index.php\/produkt\/gan-356-i-carry-bluetooth-smart-speedcube\/\"]}]},{\"@type\":\"ImageObject\",\"inLanguage\":\"de\",\"@id\":\"https:\/\/www.groods.de\/index.php\/produkt\/gan-356-i-carry-bluetooth-smart-speedcube\/#primaryimage\",\"url\":\"https:\/\/www.groods.de\/wp-content\/uploads\/2021\/11\/GAN-356i-carry-1.jpg.jpeg\",\"contentUrl\":\"https:\/\/www.groods.de\/wp-content\/uploads\/2021\/11\/GAN-356i-carry-1.jpg.jpeg\",\"width\":1000,\"height\":1000},{\"@type\":\"BreadcrumbList\",\"@id\":\"https:\/\/www.groods.de\/index.php\/produkt\/gan-356-i-carry-bluetooth-smart-speedcube\/#breadcrumb\",\"itemListElement\":[{\"@type\":\"ListItem\",\"position\":1,\"name\":\"Startseite\",\"item\":\"https:\/\/www.groods.de\/\"},{\"@type\":\"ListItem\",\"position\":2,\"name\":\"Shop\",\"item\":\"https:\/\/www.groods.de\/index.php\/shop\/\"},{\"@type\":\"ListItem\",\"position\":3,\"name\":\"GAN 356 i carry &#8211; Bluetooth smart Speedcube\"}]},{\"@type\":\"WebSite\",\"@id\":\"https:\/\/www.groods.de\/#website\",\"url\":\"https:\/\/www.groods.de\/\",\"name\":\"gRoods.de\",\"description\":\"Entdecke die Welt der Speedcubes\",\"publisher\":{\"@id\":\"https:\/\/www.groods.de\/#organization\"},\"potentialAction\":[{\"@type\":\"SearchAction\",\"target\":{\"@type\":\"EntryPoint\",\"urlTemplate\":\"https:\/\/www.groods.de\/?s={search_term_string}\"},\"query-input\":{\"@type\":\"PropertyValueSpecification\",\"valueRequired\":true,\"valueName\":\"search_term_string\"}}],\"inLanguage\":\"de\"},{\"@type\":\"Organization\",\"@id\":\"https:\/\/www.groods.de\/#organization\",\"name\":\"gRoods.de\",\"url\":\"https:\/\/www.groods.de\/\",\"logo\":{\"@type\":\"ImageObject\",\"inLanguage\":\"de\",\"@id\":\"https:\/\/www.groods.de\/#\/schema\/logo\/image\/\",\"url\":\"https:\/\/www.groods.de\/wp-content\/uploads\/2018\/08\/logo.png\",\"contentUrl\":\"https:\/\/www.groods.de\/wp-content\/uploads\/2018\/08\/logo.png\",\"width\":1077,\"height\":373,\"caption\":\"gRoods.de\"},\"image\":{\"@id\":\"https:\/\/www.groods.de\/#\/schema\/logo\/image\/\"}}]}<\/script>\n<!-- \/ Yoast SEO plugin. -->","yoast_head_json":{"title":"GAN 356 i carry - Bluetooth smart Speedcube - gRoods","robots":{"index":"index","follow":"follow","max-snippet":"max-snippet:-1","max-image-preview":"max-image-preview:large","max-video-preview":"max-video-preview:-1"},"canonical":"https:\/\/www.groods.de\/index.php\/produkt\/gan-356-i-carry-bluetooth-smart-speedcube\/","og_locale":"de_DE","og_type":"article","og_title":"GAN 356 i carry - Bluetooth smart Speedcube - gRoods","og_description":"GAN 356 i carry &#8211; Bluetooth smart Speedcube Der GAN 356 i Carry ist der neueste magnetische Bluetooth Smart Cube von GAN. Anstelle eines Ladeger\u00e4ts wird dieser W\u00fcrfel mit austauschbaren Knopfzellen betrieben.\u00a0Der i Carry bietet eine verbesserte Leistung, die mit dem Flaggschiff 2020, dem GAN 11 M Pro, vergleichbar ist. Mit einem Gewicht von 77 [&hellip;]","og_url":"https:\/\/www.groods.de\/index.php\/produkt\/gan-356-i-carry-bluetooth-smart-speedcube\/","og_site_name":"gRoods","article_modified_time":"2025-11-19T21:35:14+00:00","og_image":[{"width":1000,"height":1000,"url":"https:\/\/www.groods.de\/wp-content\/uploads\/2021\/11\/GAN-356i-carry-1.jpg.jpeg","type":"image\/jpeg"}],"twitter_card":"summary_large_image","twitter_misc":{"Gesch\u00e4tzte Lesezeit":"2\u00a0Minuten"},"schema":{"@context":"https:\/\/schema.org","@graph":[{"@type":"WebPage","@id":"https:\/\/www.groods.de\/index.php\/produkt\/gan-356-i-carry-bluetooth-smart-speedcube\/","url":"https:\/\/www.groods.de\/index.php\/produkt\/gan-356-i-carry-bluetooth-smart-speedcube\/","name":"GAN 356 i carry - Bluetooth smart Speedcube - gRoods","isPartOf":{"@id":"https:\/\/www.groods.de\/#website"},"primaryImageOfPage":{"@id":"https:\/\/www.groods.de\/index.php\/produkt\/gan-356-i-carry-bluetooth-smart-speedcube\/#primaryimage"},"image":{"@id":"https:\/\/www.groods.de\/index.php\/produkt\/gan-356-i-carry-bluetooth-smart-speedcube\/#primaryimage"},"thumbnailUrl":"https:\/\/www.groods.de\/wp-content\/uploads\/2021\/11\/GAN-356i-carry-1.jpg.jpeg","datePublished":"2021-11-25T10:57:06+00:00","dateModified":"2025-11-19T21:35:14+00:00","breadcrumb":{"@id":"https:\/\/www.groods.de\/index.php\/produkt\/gan-356-i-carry-bluetooth-smart-speedcube\/#breadcrumb"},"inLanguage":"de","potentialAction":[{"@type":"ReadAction","target":["https:\/\/www.groods.de\/index.php\/produkt\/gan-356-i-carry-bluetooth-smart-speedcube\/"]}]},{"@type":"ImageObject","inLanguage":"de","@id":"https:\/\/www.groods.de\/index.php\/produkt\/gan-356-i-carry-bluetooth-smart-speedcube\/#primaryimage","url":"https:\/\/www.groods.de\/wp-content\/uploads\/2021\/11\/GAN-356i-carry-1.jpg.jpeg","contentUrl":"https:\/\/www.groods.de\/wp-content\/uploads\/2021\/11\/GAN-356i-carry-1.jpg.jpeg","width":1000,"height":1000},{"@type":"BreadcrumbList","@id":"https:\/\/www.groods.de\/index.php\/produkt\/gan-356-i-carry-bluetooth-smart-speedcube\/#breadcrumb","itemListElement":[{"@type":"ListItem","position":1,"name":"Startseite","item":"https:\/\/www.groods.de\/"},{"@type":"ListItem","position":2,"name":"Shop","item":"https:\/\/www.groods.de\/index.php\/shop\/"},{"@type":"ListItem","position":3,"name":"GAN 356 i carry &#8211; Bluetooth smart Speedcube"}]},{"@type":"WebSite","@id":"https:\/\/www.groods.de\/#website","url":"https:\/\/www.groods.de\/","name":"gRoods.de","description":"Entdecke die Welt der Speedcubes","publisher":{"@id":"https:\/\/www.groods.de\/#organization"},"potentialAction":[{"@type":"SearchAction","target":{"@type":"EntryPoint","urlTemplate":"https:\/\/www.groods.de\/?s={search_term_string}"},"query-input":{"@type":"PropertyValueSpecification","valueRequired":true,"valueName":"search_term_string"}}],"inLanguage":"de"},{"@type":"Organization","@id":"https:\/\/www.groods.de\/#organization","name":"gRoods.de","url":"https:\/\/www.groods.de\/","logo":{"@type":"ImageObject","inLanguage":"de","@id":"https:\/\/www.groods.de\/#\/schema\/logo\/image\/","url":"https:\/\/www.groods.de\/wp-content\/uploads\/2018\/08\/logo.png","contentUrl":"https:\/\/www.groods.de\/wp-content\/uploads\/2018\/08\/logo.png","width":1077,"height":373,"caption":"gRoods.de"},"image":{"@id":"https:\/\/www.groods.de\/#\/schema\/logo\/image\/"}}]}},"_links":{"self":[{"href":"https:\/\/www.groods.de\/index.php\/wp-json\/wp\/v2\/product\/7654","targetHints":{"allow":["GET"]}}],"collection":[{"href":"https:\/\/www.groods.de\/index.php\/wp-json\/wp\/v2\/product"}],"about":[{"href":"https:\/\/www.groods.de\/index.php\/wp-json\/wp\/v2\/types\/product"}],"replies":[{"embeddable":true,"href":"https:\/\/www.groods.de\/index.php\/wp-json\/wp\/v2\/comments?post=7654"}],"wp:featuredmedia":[{"embeddable":true,"href":"https:\/\/www.groods.de\/index.php\/wp-json\/wp\/v2\/media\/7713"}],"wp:attachment":[{"href":"https:\/\/www.groods.de\/index.php\/wp-json\/wp\/v2\/media?parent=7654"}],"wp:term":[{"taxonomy":"product_brand","embeddable":true,"href":"https:\/\/www.groods.de\/index.php\/wp-json\/wp\/v2\/product_brand?post=7654"},{"taxonomy":"product_cat","embeddable":true,"href":"https:\/\/www.groods.de\/index.php\/wp-json\/wp\/v2\/product_cat?post=7654"},{"taxonomy":"product_tag","embeddable":true,"href":"https:\/\/www.groods.de\/index.php\/wp-json\/wp\/v2\/product_tag?post=7654"}],"curies":[{"name":"wp","href":"https:\/\/api.w.org\/{rel}","templated":true}]}}