{"id":7371,"date":"2021-01-13T23:48:13","date_gmt":"2021-01-13T22:48:13","guid":{"rendered":"https:\/\/www.groods.de\/index.php\/produkt\/gan-11-m-pro\/"},"modified":"2025-11-19T22:34:42","modified_gmt":"2025-11-19T21:34:42","slug":"gan-11-m-pro","status":"publish","type":"product","link":"https:\/\/www.groods.de\/index.php\/produkt\/gan-11-m-pro\/","title":{"rendered":"GAN 11 M Pro"},"content":{"rendered":"<h1>GAN 11 M Pro<\/h1>\n<p>Der GAN 11 M Pro ist der kommende 3&#215;3-Magnetgeschwindigkeitsw\u00fcrfel von GAN f\u00fcr 2020. Dieser W\u00fcrfel ist mit einem omnidirektionalen Magnetkern ausgestattet und bietet ein einzigartiges, verbessertes Magnetgef\u00fchl, das sich auch leicht einstellen l\u00e4sst.<\/p>\n<p>Der neue omnidirektionale Magnetkern von GAN ist das branchenweit erste magnetische Positionierungssystem mit Eckkern. Zus\u00e4tzlich zu den 48 traditionell platzierten Magneten in den W\u00fcrfelteilen verf\u00fcgt der GAN 11 M Pro \u00fcber 8 Magnetpaare, die vom Kern bis zu jeder Eckbasis reichen. Dieses magnetische Positionierungssystem erzeugt ein gleichm\u00e4\u00dfiges magnetisches Gef\u00fchl, das ohne aggressives Einrasten stark ist.<\/p>\n<p>Das GAN 11 M Pro verf\u00fcgt \u00fcber das gleiche doppelte Einstellsystem wie das beliebte GAN 356 XS. Verwenden Sie das mitgelieferte Einstellwerkzeug, um die Elastizit\u00e4t auf 6 verschiedene Stufen einzustellen. Mit der kleineren blauen Mutter von Hand auf 4 verschiedene Einstellungen spannen.<\/p>\n<p>Der GAN 11 M Pro ist in zwei Varianten erh\u00e4ltlich: gefrostet ohne Aufkleber (prim\u00e4re Einbauten) und gefrostet ohne Aufkleber (schwarze Einbauten).<\/p>\n<p>Kommt mit:<\/p>\n<p>GAN 11 M Pro<br \/>\nGAN W\u00fcrfelbeutel<br \/>\nGAN-Brosch\u00fcre<br \/>\nErsatz-GES mit Einstellwerkzeug<br \/>\nExtra Magnete mit Geh\u00e4use<br \/>\nSchraubenzieher<br \/>\nGAN VIP-Karte<\/p>\n","protected":false},"excerpt":{"rendered":"<p>GAN 11 M Pro Der GAN 11 M Pro ist der kommende 3&#215;3-Magnetgeschwindigkeitsw\u00fcrfel von GAN f\u00fcr 2020. Dieser W\u00fcrfel ist mit einem omnidirektionalen Magnetkern ausgestattet und bietet ein einzigartiges, verbessertes Magnetgef\u00fchl, das sich auch leicht einstellen l\u00e4sst. Der neue omnidirektionale Magnetkern von GAN ist das branchenweit erste magnetische Positionierungssystem mit Eckkern. Zus\u00e4tzlich zu den 48 [&hellip;]<\/p>\n","protected":false},"featured_media":7407,"comment_status":"open","ping_status":"closed","template":"","meta":[],"product_brand":[],"product_cat":[53,88,40],"product_tag":[],"class_list":{"0":"post-7371","1":"product","2":"type-product","3":"status-publish","4":"has-post-thumbnail","6":"product_cat-3x3","7":"product_cat-gan","8":"product_cat-magnetische-zauberwuerfel","10":"first","11":"instock","12":"taxable","13":"shipping-taxable","14":"purchasable","15":"product-type-simple"},"yoast_head":"<!-- This site is optimized with the Yoast SEO plugin v26.7 - https:\/\/yoast.com\/wordpress\/plugins\/seo\/ -->\n<title>GAN 11 M Pro - gRoods<\/title>\n<meta name=\"robots\" content=\"index, follow, max-snippet:-1, max-image-preview:large, max-video-preview:-1\" \/>\n<link rel=\"canonical\" href=\"https:\/\/www.groods.de\/index.php\/produkt\/gan-11-m-pro\/\" \/>\n<meta property=\"og:locale\" content=\"de_DE\" \/>\n<meta property=\"og:type\" content=\"article\" \/>\n<meta property=\"og:title\" content=\"GAN 11 M Pro - gRoods\" \/>\n<meta property=\"og:description\" content=\"GAN 11 M Pro Der GAN 11 M Pro ist der kommende 3&#215;3-Magnetgeschwindigkeitsw\u00fcrfel von GAN f\u00fcr 2020. Dieser W\u00fcrfel ist mit einem omnidirektionalen Magnetkern ausgestattet und bietet ein einzigartiges, verbessertes Magnetgef\u00fchl, das sich auch leicht einstellen l\u00e4sst. Der neue omnidirektionale Magnetkern von GAN ist das branchenweit erste magnetische Positionierungssystem mit Eckkern. Zus\u00e4tzlich zu den 48 [&hellip;]\" \/>\n<meta property=\"og:url\" content=\"https:\/\/www.groods.de\/index.php\/produkt\/gan-11-m-pro\/\" \/>\n<meta property=\"og:site_name\" content=\"gRoods\" \/>\n<meta property=\"article:modified_time\" content=\"2025-11-19T21:34:42+00:00\" \/>\n<meta property=\"og:image\" content=\"https:\/\/www.groods.de\/wp-content\/uploads\/2021\/01\/71Sobam-kL._AC_SL1500_.jpg\" \/>\n\t<meta property=\"og:image:width\" content=\"1500\" \/>\n\t<meta property=\"og:image:height\" content=\"1449\" \/>\n\t<meta property=\"og:image:type\" content=\"image\/jpeg\" \/>\n<meta name=\"twitter:card\" content=\"summary_large_image\" \/>\n<meta name=\"twitter:label1\" content=\"Gesch\u00e4tzte Lesezeit\" \/>\n\t<meta name=\"twitter:data1\" content=\"2\u00a0Minuten\" \/>\n<script type=\"application\/ld+json\" class=\"yoast-schema-graph\">{\"@context\":\"https:\/\/schema.org\",\"@graph\":[{\"@type\":\"WebPage\",\"@id\":\"https:\/\/www.groods.de\/index.php\/produkt\/gan-11-m-pro\/\",\"url\":\"https:\/\/www.groods.de\/index.php\/produkt\/gan-11-m-pro\/\",\"name\":\"GAN 11 M Pro - gRoods\",\"isPartOf\":{\"@id\":\"https:\/\/www.groods.de\/#website\"},\"primaryImageOfPage\":{\"@id\":\"https:\/\/www.groods.de\/index.php\/produkt\/gan-11-m-pro\/#primaryimage\"},\"image\":{\"@id\":\"https:\/\/www.groods.de\/index.php\/produkt\/gan-11-m-pro\/#primaryimage\"},\"thumbnailUrl\":\"https:\/\/www.groods.de\/wp-content\/uploads\/2021\/01\/71Sobam-kL._AC_SL1500_.jpg\",\"datePublished\":\"2021-01-13T22:48:13+00:00\",\"dateModified\":\"2025-11-19T21:34:42+00:00\",\"breadcrumb\":{\"@id\":\"https:\/\/www.groods.de\/index.php\/produkt\/gan-11-m-pro\/#breadcrumb\"},\"inLanguage\":\"de\",\"potentialAction\":[{\"@type\":\"ReadAction\",\"target\":[\"https:\/\/www.groods.de\/index.php\/produkt\/gan-11-m-pro\/\"]}]},{\"@type\":\"ImageObject\",\"inLanguage\":\"de\",\"@id\":\"https:\/\/www.groods.de\/index.php\/produkt\/gan-11-m-pro\/#primaryimage\",\"url\":\"https:\/\/www.groods.de\/wp-content\/uploads\/2021\/01\/71Sobam-kL._AC_SL1500_.jpg\",\"contentUrl\":\"https:\/\/www.groods.de\/wp-content\/uploads\/2021\/01\/71Sobam-kL._AC_SL1500_.jpg\",\"width\":1500,\"height\":1449},{\"@type\":\"BreadcrumbList\",\"@id\":\"https:\/\/www.groods.de\/index.php\/produkt\/gan-11-m-pro\/#breadcrumb\",\"itemListElement\":[{\"@type\":\"ListItem\",\"position\":1,\"name\":\"Startseite\",\"item\":\"https:\/\/www.groods.de\/\"},{\"@type\":\"ListItem\",\"position\":2,\"name\":\"Shop\",\"item\":\"https:\/\/www.groods.de\/index.php\/shop\/\"},{\"@type\":\"ListItem\",\"position\":3,\"name\":\"GAN 11 M Pro\"}]},{\"@type\":\"WebSite\",\"@id\":\"https:\/\/www.groods.de\/#website\",\"url\":\"https:\/\/www.groods.de\/\",\"name\":\"gRoods.de\",\"description\":\"Entdecke die Welt der Speedcubes\",\"publisher\":{\"@id\":\"https:\/\/www.groods.de\/#organization\"},\"potentialAction\":[{\"@type\":\"SearchAction\",\"target\":{\"@type\":\"EntryPoint\",\"urlTemplate\":\"https:\/\/www.groods.de\/?s={search_term_string}\"},\"query-input\":{\"@type\":\"PropertyValueSpecification\",\"valueRequired\":true,\"valueName\":\"search_term_string\"}}],\"inLanguage\":\"de\"},{\"@type\":\"Organization\",\"@id\":\"https:\/\/www.groods.de\/#organization\",\"name\":\"gRoods.de\",\"url\":\"https:\/\/www.groods.de\/\",\"logo\":{\"@type\":\"ImageObject\",\"inLanguage\":\"de\",\"@id\":\"https:\/\/www.groods.de\/#\/schema\/logo\/image\/\",\"url\":\"https:\/\/www.groods.de\/wp-content\/uploads\/2018\/08\/logo.png\",\"contentUrl\":\"https:\/\/www.groods.de\/wp-content\/uploads\/2018\/08\/logo.png\",\"width\":1077,\"height\":373,\"caption\":\"gRoods.de\"},\"image\":{\"@id\":\"https:\/\/www.groods.de\/#\/schema\/logo\/image\/\"}}]}<\/script>\n<!-- \/ Yoast SEO plugin. -->","yoast_head_json":{"title":"GAN 11 M Pro - gRoods","robots":{"index":"index","follow":"follow","max-snippet":"max-snippet:-1","max-image-preview":"max-image-preview:large","max-video-preview":"max-video-preview:-1"},"canonical":"https:\/\/www.groods.de\/index.php\/produkt\/gan-11-m-pro\/","og_locale":"de_DE","og_type":"article","og_title":"GAN 11 M Pro - gRoods","og_description":"GAN 11 M Pro Der GAN 11 M Pro ist der kommende 3&#215;3-Magnetgeschwindigkeitsw\u00fcrfel von GAN f\u00fcr 2020. Dieser W\u00fcrfel ist mit einem omnidirektionalen Magnetkern ausgestattet und bietet ein einzigartiges, verbessertes Magnetgef\u00fchl, das sich auch leicht einstellen l\u00e4sst. Der neue omnidirektionale Magnetkern von GAN ist das branchenweit erste magnetische Positionierungssystem mit Eckkern. Zus\u00e4tzlich zu den 48 [&hellip;]","og_url":"https:\/\/www.groods.de\/index.php\/produkt\/gan-11-m-pro\/","og_site_name":"gRoods","article_modified_time":"2025-11-19T21:34:42+00:00","og_image":[{"width":1500,"height":1449,"url":"https:\/\/www.groods.de\/wp-content\/uploads\/2021\/01\/71Sobam-kL._AC_SL1500_.jpg","type":"image\/jpeg"}],"twitter_card":"summary_large_image","twitter_misc":{"Gesch\u00e4tzte Lesezeit":"2\u00a0Minuten"},"schema":{"@context":"https:\/\/schema.org","@graph":[{"@type":"WebPage","@id":"https:\/\/www.groods.de\/index.php\/produkt\/gan-11-m-pro\/","url":"https:\/\/www.groods.de\/index.php\/produkt\/gan-11-m-pro\/","name":"GAN 11 M Pro - gRoods","isPartOf":{"@id":"https:\/\/www.groods.de\/#website"},"primaryImageOfPage":{"@id":"https:\/\/www.groods.de\/index.php\/produkt\/gan-11-m-pro\/#primaryimage"},"image":{"@id":"https:\/\/www.groods.de\/index.php\/produkt\/gan-11-m-pro\/#primaryimage"},"thumbnailUrl":"https:\/\/www.groods.de\/wp-content\/uploads\/2021\/01\/71Sobam-kL._AC_SL1500_.jpg","datePublished":"2021-01-13T22:48:13+00:00","dateModified":"2025-11-19T21:34:42+00:00","breadcrumb":{"@id":"https:\/\/www.groods.de\/index.php\/produkt\/gan-11-m-pro\/#breadcrumb"},"inLanguage":"de","potentialAction":[{"@type":"ReadAction","target":["https:\/\/www.groods.de\/index.php\/produkt\/gan-11-m-pro\/"]}]},{"@type":"ImageObject","inLanguage":"de","@id":"https:\/\/www.groods.de\/index.php\/produkt\/gan-11-m-pro\/#primaryimage","url":"https:\/\/www.groods.de\/wp-content\/uploads\/2021\/01\/71Sobam-kL._AC_SL1500_.jpg","contentUrl":"https:\/\/www.groods.de\/wp-content\/uploads\/2021\/01\/71Sobam-kL._AC_SL1500_.jpg","width":1500,"height":1449},{"@type":"BreadcrumbList","@id":"https:\/\/www.groods.de\/index.php\/produkt\/gan-11-m-pro\/#breadcrumb","itemListElement":[{"@type":"ListItem","position":1,"name":"Startseite","item":"https:\/\/www.groods.de\/"},{"@type":"ListItem","position":2,"name":"Shop","item":"https:\/\/www.groods.de\/index.php\/shop\/"},{"@type":"ListItem","position":3,"name":"GAN 11 M Pro"}]},{"@type":"WebSite","@id":"https:\/\/www.groods.de\/#website","url":"https:\/\/www.groods.de\/","name":"gRoods.de","description":"Entdecke die Welt der Speedcubes","publisher":{"@id":"https:\/\/www.groods.de\/#organization"},"potentialAction":[{"@type":"SearchAction","target":{"@type":"EntryPoint","urlTemplate":"https:\/\/www.groods.de\/?s={search_term_string}"},"query-input":{"@type":"PropertyValueSpecification","valueRequired":true,"valueName":"search_term_string"}}],"inLanguage":"de"},{"@type":"Organization","@id":"https:\/\/www.groods.de\/#organization","name":"gRoods.de","url":"https:\/\/www.groods.de\/","logo":{"@type":"ImageObject","inLanguage":"de","@id":"https:\/\/www.groods.de\/#\/schema\/logo\/image\/","url":"https:\/\/www.groods.de\/wp-content\/uploads\/2018\/08\/logo.png","contentUrl":"https:\/\/www.groods.de\/wp-content\/uploads\/2018\/08\/logo.png","width":1077,"height":373,"caption":"gRoods.de"},"image":{"@id":"https:\/\/www.groods.de\/#\/schema\/logo\/image\/"}}]}},"_links":{"self":[{"href":"https:\/\/www.groods.de\/index.php\/wp-json\/wp\/v2\/product\/7371","targetHints":{"allow":["GET"]}}],"collection":[{"href":"https:\/\/www.groods.de\/index.php\/wp-json\/wp\/v2\/product"}],"about":[{"href":"https:\/\/www.groods.de\/index.php\/wp-json\/wp\/v2\/types\/product"}],"replies":[{"embeddable":true,"href":"https:\/\/www.groods.de\/index.php\/wp-json\/wp\/v2\/comments?post=7371"}],"wp:featuredmedia":[{"embeddable":true,"href":"https:\/\/www.groods.de\/index.php\/wp-json\/wp\/v2\/media\/7407"}],"wp:attachment":[{"href":"https:\/\/www.groods.de\/index.php\/wp-json\/wp\/v2\/media?parent=7371"}],"wp:term":[{"taxonomy":"product_brand","embeddable":true,"href":"https:\/\/www.groods.de\/index.php\/wp-json\/wp\/v2\/product_brand?post=7371"},{"taxonomy":"product_cat","embeddable":true,"href":"https:\/\/www.groods.de\/index.php\/wp-json\/wp\/v2\/product_cat?post=7371"},{"taxonomy":"product_tag","embeddable":true,"href":"https:\/\/www.groods.de\/index.php\/wp-json\/wp\/v2\/product_tag?post=7371"}],"curies":[{"name":"wp","href":"https:\/\/api.w.org\/{rel}","templated":true}]}}