{"id":6092,"date":"2020-02-18T19:57:51","date_gmt":"2020-02-18T18:57:51","guid":{"rendered":"https:\/\/www.groods.de\/index.php\/produkt\/neo-ball-cube-5mm-8farbig\/"},"modified":"2025-01-15T22:18:29","modified_gmt":"2025-01-15T21:18:29","slug":"neo-ball-cube-5mm-8farbig","status":"publish","type":"product","link":"https:\/\/www.groods.de\/index.php\/produkt\/neo-ball-cube-5mm-8farbig\/","title":{"rendered":"Neo Ball Cube &#8211; 5mm &#8211; 8farbig"},"content":{"rendered":"<h1>Neo Ball Cube &#8211; 5mm &#8211; 8farbig<\/h1>\n<p><strong>Neocube<\/strong> \u2013 der magische Magnetw\u00fcrfel ist ein kreatives Gadget f\u00fcr jedermann. Erleben Sie, wie der W\u00fcrfel seine Gestalt in Ihren H\u00e4nden ver\u00e4ndert und entwickeln Sie eigene Formen und Kreationen. Dieser magische W\u00fcrfel bietet unendlich viele Gestaltungsm\u00f6glichkeiten.<\/p>\n<p><strong>Neocubes<\/strong> sind S\u00e4tze leistungsstarker Magnete aus einer Metalllegierung namens Neodym. Neocubes sind auch als Buckyballs, Nanodots oder NeoMagnetic Cubes bekannt. Die Neocubes bestehen aus 216 hochwertigen Neodym-Magnetkugeln mit einem Durchmesser von 5mm je Kugel. Neocubes werden Sie stundenlang unterhalten. Es dient unter anderem als Kreativ-Spiel, Anti-Stress-Gadget oder Dekorationsobjekt. Die einzelnen Magnetkugeln sind individuell beweglich und k\u00f6nnen auf unterschiedliche Arten angeordnet werden, um diverse Strukturen zu kreieren. Es ist ein R\u00e4tsel, hilft beim Stressabbau, es ist ein Konstruktionsspiel und es ist ein Denksport. Aber vor allem macht es Spa\u00df!<br \/>\nLassen Sie sich von den magnetischen Eigenschaften der Kugeln leiten und bauen Sie eine nahezu unbegrenzte Anzahl von Formen und Mustern auf. Egal was Sie tun, mit den Grundprinzipien von Magnetismus und Mathematik k\u00f6nnen Sie geometrische und komplexe Muster erstellen. Sie m\u00fcssen es ausprobieren, und werden begeistert sein!<\/p>\n<p>Bei den einzelnen Magnetkugeln handelt es sich um bipolare Dauermagneten. Das hei\u00dft, jede Kugel hat einen magnetischen Nord- und S\u00fcdpol. Dadurch ist es m\u00f6glich, unterschiedlichste Formen und Strukturen zu bilden, die aufgrund der magnetischen Wechselwirkungen stabil bleiben und mechanischen Deformationen durch \u00e4u\u00dferliche Einwirkungen standhalten.<\/p>\n<h3>Sicherheitshinweise<\/h3>\n<p>Neocube ist als Schreibtisch Gadget f\u00fcr Erwachsene gedacht und ist nicht f\u00fcr Kindern unter 14 Jahren geeignet. Beim Verschlucken mehrerer Neodym-Eisen-Bor-Magnetkugeln besteht die Gefahr von schweren Verletzungen im inneren Bauch- und Darmbereich. <strong>Falls Magnetkugeln verschluckt werden sollten, wird eine sofortige medizinische Behandlung dringend empfohlen.<\/strong><\/p>\n<h3>Eigenschaften<\/h3>\n<ul>\n<li>216 Noedym Magnetkugeln<\/li>\n<li>5 mm Durchmesser<\/li>\n<li>Gewicht 99 g<\/li>\n<li>inkl. Aluminium Aufbewahrungsbox<\/li>\n<li>das Produkt erf\u00fcllt die europ\u00e4ischen und deutschen Industirienormen (DIN)\n<ul>\n<li>DIN EN71-1, Sicherheit von Spielzeug\u00a0&#8211; Teil\u00a01: Mechanische und physikalische Eigenschaften<\/li>\n<li>DIN EN71-2 Sicherheit von Spielzeug\u00a0&#8211; Teil\u00a02: Entflammbarkeit<\/li>\n<li>DIN EN71-3 Sicherheit von Spielzeug\u00a0&#8211; Teil\u00a03: Migration bestimmter Elemente<\/li>\n<\/ul>\n<\/li>\n<\/ul>\n","protected":false},"excerpt":{"rendered":"<p>Neo Ball Cube &#8211; 5mm &#8211; 8farbig Neocube \u2013 der magische Magnetw\u00fcrfel ist ein kreatives Gadget f\u00fcr jedermann. Erleben Sie, wie der W\u00fcrfel seine Gestalt in Ihren H\u00e4nden ver\u00e4ndert und entwickeln Sie eigene Formen und Kreationen. Dieser magische W\u00fcrfel bietet unendlich viele Gestaltungsm\u00f6glichkeiten. Neocubes sind S\u00e4tze leistungsstarker Magnete aus einer Metalllegierung namens Neodym. Neocubes sind [&hellip;]<\/p>\n","protected":false},"featured_media":6255,"comment_status":"open","ping_status":"closed","template":"","meta":[],"product_brand":[],"product_cat":[45,92,86],"product_tag":[],"class_list":{"0":"post-6092","1":"product","2":"type-product","3":"status-publish","4":"has-post-thumbnail","6":"product_cat-andere-formen","7":"product_cat-neocube","8":"product_cat-neue-produkte","10":"first","11":"instock","12":"taxable","13":"shipping-taxable","14":"purchasable","15":"product-type-simple"},"yoast_head":"<!-- This site is optimized with the Yoast SEO plugin v26.7 - https:\/\/yoast.com\/wordpress\/plugins\/seo\/ -->\n<title>Neo Ball Cube - 5mm - 8farbig - gRoods<\/title>\n<meta name=\"robots\" content=\"index, follow, max-snippet:-1, max-image-preview:large, max-video-preview:-1\" \/>\n<link rel=\"canonical\" href=\"https:\/\/www.groods.de\/index.php\/produkt\/neo-ball-cube-5mm-8farbig\/\" \/>\n<meta property=\"og:locale\" content=\"de_DE\" \/>\n<meta property=\"og:type\" content=\"article\" \/>\n<meta property=\"og:title\" content=\"Neo Ball Cube - 5mm - 8farbig - gRoods\" \/>\n<meta property=\"og:description\" content=\"Neo Ball Cube &#8211; 5mm &#8211; 8farbig Neocube \u2013 der magische Magnetw\u00fcrfel ist ein kreatives Gadget f\u00fcr jedermann. Erleben Sie, wie der W\u00fcrfel seine Gestalt in Ihren H\u00e4nden ver\u00e4ndert und entwickeln Sie eigene Formen und Kreationen. Dieser magische W\u00fcrfel bietet unendlich viele Gestaltungsm\u00f6glichkeiten. Neocubes sind S\u00e4tze leistungsstarker Magnete aus einer Metalllegierung namens Neodym. Neocubes sind [&hellip;]\" \/>\n<meta property=\"og:url\" content=\"https:\/\/www.groods.de\/index.php\/produkt\/neo-ball-cube-5mm-8farbig\/\" \/>\n<meta property=\"og:site_name\" content=\"gRoods\" \/>\n<meta property=\"article:modified_time\" content=\"2025-01-15T21:18:29+00:00\" \/>\n<meta property=\"og:image\" content=\"https:\/\/i0.wp.com\/www.groods.de\/wp-content\/uploads\/2020\/02\/IMG_0510.jpg?fit=1200%2C1200&ssl=1\" \/>\n\t<meta property=\"og:image:width\" content=\"1200\" \/>\n\t<meta property=\"og:image:height\" content=\"1200\" \/>\n\t<meta property=\"og:image:type\" content=\"image\/jpeg\" \/>\n<meta name=\"twitter:card\" content=\"summary_large_image\" \/>\n<meta name=\"twitter:label1\" content=\"Gesch\u00e4tzte Lesezeit\" \/>\n\t<meta name=\"twitter:data1\" content=\"2\u00a0Minuten\" \/>\n<script type=\"application\/ld+json\" class=\"yoast-schema-graph\">{\"@context\":\"https:\/\/schema.org\",\"@graph\":[{\"@type\":\"WebPage\",\"@id\":\"https:\/\/www.groods.de\/index.php\/produkt\/neo-ball-cube-5mm-8farbig\/\",\"url\":\"https:\/\/www.groods.de\/index.php\/produkt\/neo-ball-cube-5mm-8farbig\/\",\"name\":\"Neo Ball Cube - 5mm - 8farbig - gRoods\",\"isPartOf\":{\"@id\":\"https:\/\/www.groods.de\/#website\"},\"primaryImageOfPage\":{\"@id\":\"https:\/\/www.groods.de\/index.php\/produkt\/neo-ball-cube-5mm-8farbig\/#primaryimage\"},\"image\":{\"@id\":\"https:\/\/www.groods.de\/index.php\/produkt\/neo-ball-cube-5mm-8farbig\/#primaryimage\"},\"thumbnailUrl\":\"https:\/\/www.groods.de\/wp-content\/uploads\/2020\/02\/IMG_0510.jpg\",\"datePublished\":\"2020-02-18T18:57:51+00:00\",\"dateModified\":\"2025-01-15T21:18:29+00:00\",\"breadcrumb\":{\"@id\":\"https:\/\/www.groods.de\/index.php\/produkt\/neo-ball-cube-5mm-8farbig\/#breadcrumb\"},\"inLanguage\":\"de\",\"potentialAction\":[{\"@type\":\"ReadAction\",\"target\":[\"https:\/\/www.groods.de\/index.php\/produkt\/neo-ball-cube-5mm-8farbig\/\"]}]},{\"@type\":\"ImageObject\",\"inLanguage\":\"de\",\"@id\":\"https:\/\/www.groods.de\/index.php\/produkt\/neo-ball-cube-5mm-8farbig\/#primaryimage\",\"url\":\"https:\/\/www.groods.de\/wp-content\/uploads\/2020\/02\/IMG_0510.jpg\",\"contentUrl\":\"https:\/\/www.groods.de\/wp-content\/uploads\/2020\/02\/IMG_0510.jpg\",\"width\":1200,\"height\":1200},{\"@type\":\"BreadcrumbList\",\"@id\":\"https:\/\/www.groods.de\/index.php\/produkt\/neo-ball-cube-5mm-8farbig\/#breadcrumb\",\"itemListElement\":[{\"@type\":\"ListItem\",\"position\":1,\"name\":\"Startseite\",\"item\":\"https:\/\/www.groods.de\/\"},{\"@type\":\"ListItem\",\"position\":2,\"name\":\"Shop\",\"item\":\"https:\/\/www.groods.de\/index.php\/shop\/\"},{\"@type\":\"ListItem\",\"position\":3,\"name\":\"Neo Ball Cube &#8211; 5mm &#8211; 8farbig\"}]},{\"@type\":\"WebSite\",\"@id\":\"https:\/\/www.groods.de\/#website\",\"url\":\"https:\/\/www.groods.de\/\",\"name\":\"gRoods.de\",\"description\":\"Entdecke die Welt der Speedcubes\",\"publisher\":{\"@id\":\"https:\/\/www.groods.de\/#organization\"},\"potentialAction\":[{\"@type\":\"SearchAction\",\"target\":{\"@type\":\"EntryPoint\",\"urlTemplate\":\"https:\/\/www.groods.de\/?s={search_term_string}\"},\"query-input\":{\"@type\":\"PropertyValueSpecification\",\"valueRequired\":true,\"valueName\":\"search_term_string\"}}],\"inLanguage\":\"de\"},{\"@type\":\"Organization\",\"@id\":\"https:\/\/www.groods.de\/#organization\",\"name\":\"gRoods.de\",\"url\":\"https:\/\/www.groods.de\/\",\"logo\":{\"@type\":\"ImageObject\",\"inLanguage\":\"de\",\"@id\":\"https:\/\/www.groods.de\/#\/schema\/logo\/image\/\",\"url\":\"https:\/\/www.groods.de\/wp-content\/uploads\/2018\/08\/logo.png\",\"contentUrl\":\"https:\/\/www.groods.de\/wp-content\/uploads\/2018\/08\/logo.png\",\"width\":1077,\"height\":373,\"caption\":\"gRoods.de\"},\"image\":{\"@id\":\"https:\/\/www.groods.de\/#\/schema\/logo\/image\/\"}}]}<\/script>\n<!-- \/ Yoast SEO plugin. -->","yoast_head_json":{"title":"Neo Ball Cube - 5mm - 8farbig - gRoods","robots":{"index":"index","follow":"follow","max-snippet":"max-snippet:-1","max-image-preview":"max-image-preview:large","max-video-preview":"max-video-preview:-1"},"canonical":"https:\/\/www.groods.de\/index.php\/produkt\/neo-ball-cube-5mm-8farbig\/","og_locale":"de_DE","og_type":"article","og_title":"Neo Ball Cube - 5mm - 8farbig - gRoods","og_description":"Neo Ball Cube &#8211; 5mm &#8211; 8farbig Neocube \u2013 der magische Magnetw\u00fcrfel ist ein kreatives Gadget f\u00fcr jedermann. Erleben Sie, wie der W\u00fcrfel seine Gestalt in Ihren H\u00e4nden ver\u00e4ndert und entwickeln Sie eigene Formen und Kreationen. Dieser magische W\u00fcrfel bietet unendlich viele Gestaltungsm\u00f6glichkeiten. Neocubes sind S\u00e4tze leistungsstarker Magnete aus einer Metalllegierung namens Neodym. Neocubes sind [&hellip;]","og_url":"https:\/\/www.groods.de\/index.php\/produkt\/neo-ball-cube-5mm-8farbig\/","og_site_name":"gRoods","article_modified_time":"2025-01-15T21:18:29+00:00","og_image":[{"width":1200,"height":1200,"url":"https:\/\/i0.wp.com\/www.groods.de\/wp-content\/uploads\/2020\/02\/IMG_0510.jpg?fit=1200%2C1200&ssl=1","type":"image\/jpeg"}],"twitter_card":"summary_large_image","twitter_misc":{"Gesch\u00e4tzte Lesezeit":"2\u00a0Minuten"},"schema":{"@context":"https:\/\/schema.org","@graph":[{"@type":"WebPage","@id":"https:\/\/www.groods.de\/index.php\/produkt\/neo-ball-cube-5mm-8farbig\/","url":"https:\/\/www.groods.de\/index.php\/produkt\/neo-ball-cube-5mm-8farbig\/","name":"Neo Ball Cube - 5mm - 8farbig - gRoods","isPartOf":{"@id":"https:\/\/www.groods.de\/#website"},"primaryImageOfPage":{"@id":"https:\/\/www.groods.de\/index.php\/produkt\/neo-ball-cube-5mm-8farbig\/#primaryimage"},"image":{"@id":"https:\/\/www.groods.de\/index.php\/produkt\/neo-ball-cube-5mm-8farbig\/#primaryimage"},"thumbnailUrl":"https:\/\/www.groods.de\/wp-content\/uploads\/2020\/02\/IMG_0510.jpg","datePublished":"2020-02-18T18:57:51+00:00","dateModified":"2025-01-15T21:18:29+00:00","breadcrumb":{"@id":"https:\/\/www.groods.de\/index.php\/produkt\/neo-ball-cube-5mm-8farbig\/#breadcrumb"},"inLanguage":"de","potentialAction":[{"@type":"ReadAction","target":["https:\/\/www.groods.de\/index.php\/produkt\/neo-ball-cube-5mm-8farbig\/"]}]},{"@type":"ImageObject","inLanguage":"de","@id":"https:\/\/www.groods.de\/index.php\/produkt\/neo-ball-cube-5mm-8farbig\/#primaryimage","url":"https:\/\/www.groods.de\/wp-content\/uploads\/2020\/02\/IMG_0510.jpg","contentUrl":"https:\/\/www.groods.de\/wp-content\/uploads\/2020\/02\/IMG_0510.jpg","width":1200,"height":1200},{"@type":"BreadcrumbList","@id":"https:\/\/www.groods.de\/index.php\/produkt\/neo-ball-cube-5mm-8farbig\/#breadcrumb","itemListElement":[{"@type":"ListItem","position":1,"name":"Startseite","item":"https:\/\/www.groods.de\/"},{"@type":"ListItem","position":2,"name":"Shop","item":"https:\/\/www.groods.de\/index.php\/shop\/"},{"@type":"ListItem","position":3,"name":"Neo Ball Cube &#8211; 5mm &#8211; 8farbig"}]},{"@type":"WebSite","@id":"https:\/\/www.groods.de\/#website","url":"https:\/\/www.groods.de\/","name":"gRoods.de","description":"Entdecke die Welt der Speedcubes","publisher":{"@id":"https:\/\/www.groods.de\/#organization"},"potentialAction":[{"@type":"SearchAction","target":{"@type":"EntryPoint","urlTemplate":"https:\/\/www.groods.de\/?s={search_term_string}"},"query-input":{"@type":"PropertyValueSpecification","valueRequired":true,"valueName":"search_term_string"}}],"inLanguage":"de"},{"@type":"Organization","@id":"https:\/\/www.groods.de\/#organization","name":"gRoods.de","url":"https:\/\/www.groods.de\/","logo":{"@type":"ImageObject","inLanguage":"de","@id":"https:\/\/www.groods.de\/#\/schema\/logo\/image\/","url":"https:\/\/www.groods.de\/wp-content\/uploads\/2018\/08\/logo.png","contentUrl":"https:\/\/www.groods.de\/wp-content\/uploads\/2018\/08\/logo.png","width":1077,"height":373,"caption":"gRoods.de"},"image":{"@id":"https:\/\/www.groods.de\/#\/schema\/logo\/image\/"}}]}},"_links":{"self":[{"href":"https:\/\/www.groods.de\/index.php\/wp-json\/wp\/v2\/product\/6092","targetHints":{"allow":["GET"]}}],"collection":[{"href":"https:\/\/www.groods.de\/index.php\/wp-json\/wp\/v2\/product"}],"about":[{"href":"https:\/\/www.groods.de\/index.php\/wp-json\/wp\/v2\/types\/product"}],"replies":[{"embeddable":true,"href":"https:\/\/www.groods.de\/index.php\/wp-json\/wp\/v2\/comments?post=6092"}],"wp:featuredmedia":[{"embeddable":true,"href":"https:\/\/www.groods.de\/index.php\/wp-json\/wp\/v2\/media\/6255"}],"wp:attachment":[{"href":"https:\/\/www.groods.de\/index.php\/wp-json\/wp\/v2\/media?parent=6092"}],"wp:term":[{"taxonomy":"product_brand","embeddable":true,"href":"https:\/\/www.groods.de\/index.php\/wp-json\/wp\/v2\/product_brand?post=6092"},{"taxonomy":"product_cat","embeddable":true,"href":"https:\/\/www.groods.de\/index.php\/wp-json\/wp\/v2\/product_cat?post=6092"},{"taxonomy":"product_tag","embeddable":true,"href":"https:\/\/www.groods.de\/index.php\/wp-json\/wp\/v2\/product_tag?post=6092"}],"curies":[{"name":"wp","href":"https:\/\/api.w.org\/{rel}","templated":true}]}}