{"id":3659,"date":"2019-12-09T15:15:51","date_gmt":"2019-12-09T14:15:51","guid":{"rendered":"https:\/\/www.groods.de\/index.php\/produkt\/moyu-meilong-3c-3x3-stickerless\/"},"modified":"2025-11-19T22:24:38","modified_gmt":"2025-11-19T21:24:38","slug":"moyu-meilong-3c-3x3-stickerless","status":"publish","type":"product","link":"https:\/\/www.groods.de\/index.php\/produkt\/moyu-meilong-3c-3x3-stickerless\/","title":{"rendered":"MoYu Meilong 3C 3&#215;3 &#8211; stickerless"},"content":{"rendered":"<h1>MoYu Meilong 3C 3&#215;3 &#8211; stickerless<\/h1>\n<p>Der MoYu MeiLong 3&#215;3 ist Moyus neuer kosteng\u00fcnstiger Hochleistungs-Speedcube. Dieser 2019 vorgestellte 3&#215;3-W\u00fcrfel ist einer der gro\u00dfen \u00dcberraschungen des Jahres und verf\u00fcgt \u00fcber die wichtigsten Merkmale schneller und deutlich teurerer W\u00fcrfel. Das Preis\/Leistungsverh\u00e4ltnis ist so gut das er einer der\u00a0kosteneffektivsten Speedcubes am Markt ist!<\/p>\n<p>Mit 55 mm Kantenl\u00e4nge eignet sich der Meilong sowohl als Einhand- als auch Zweihand-W\u00fcrfel und f\u00fchlt sich sehr professionell an. Der Cube bietet out of the\u00a0box sehr gutes Cornercuttung mit weit \u00fcber 45 Grad (Industriestandard f\u00fcr Speedcubes). Er verf\u00fcgt \u00fcber Technologie und Funktionen, die normalerweise nur in Premium-W\u00fcrfeln zu finden sind (z. B. Round Corners und Big Hole Design), und bietet ein gro\u00dfartiges L\u00f6sungserlebnis. Die Stabilit\u00e4t und das Drehgef\u00fchl sind nahezu perfekt. Egal, ob Sie ein l\u00e4ssiger Speedcuber mit kleinem Budget sind oder ein Profi, der einen tollen Speedcube sucht, der Meilong wird Sie gut unterst\u00fctzen!<\/p>\n<p>Der klassische RBK&#8217;s Cube (3x3x3) wurde 1974 von einem ungarischen Professor namens Ern\u0151 RBK erfunden. Urspr\u00fcnglich nannte er ihn &#8222;Zauberw\u00fcrfel&#8220;, 1980 wurde er jedoch nach seinem Sch\u00f6pfer umbenannt und ist seitdem als &#8222;Zauberw\u00fcrfel&#8220; bekannt.<\/p>\n<p>In den 1980er Jahren wurde der RBK&#8217;s Cube zu einer Sensation und Mitte der 80er Jahre hatten 20% der damaligen Weltbev\u00f6lkerung damit gespielt &#8211; das ist 1 von 5 Menschen auf der Erde! Bis heute wurden mehr als 350 Millionen W\u00fcrfel verkauft und es gilt als das meistverkaufte Spielzeug aller Zeiten.<\/p>\n<p>Der RBK&#8217;s Cube hat \u00fcber 43 Billionen m\u00f6gliche Permutationen, das sind 43.252.003.274.489.856.000, um genau zu sein. Diese Zahl ist so hoch, dass sie sogar die Anzahl der Sekunden seit dem Urknall \u00fcberschreitet!<br \/>\nTrotzdem wurden im Laufe der Jahre eine Reihe von Algorithmen zur L\u00f6sung des RBK&#8217;s Cube ver\u00f6ffentlicht. Einige davon sind unkomplizierter und andere komplizierter, f\u00fchren jedoch zu schnelleren L\u00f6sungen.<\/p>\n<p>Im Laufe der Jahre wurden viele Variationen des RBK&#8217;s Cube eingef\u00fchrt. Einige der bekanntesten sind der Mini Cube, RBK&#8217;s Revenge und der Professor&#8217;s Cube.<\/p>\n<h3 class=\"md-end-block md-heading\"><span class=\"\">Zauberw\u00fcrfel im 3x3x3 Originaldesign<\/span><\/h3>\n<p class=\"md-end-block\"><span class=\"\">Der MoYu MeiLong\u00a0\u2013 die optimierte Version des klassischen Speedcubes der MF &#8211; Serie. Er zeichnet sich durch professionelle Qualit\u00e4t zum kleinen Preis aus.\u00a0<\/span><span class=\"\">Er hat 3x3x3 Bausteine auf jeder Seite und zeichnet sich durch lebendige Farben und ein fantastisches Drehgef\u00fchl aus. Seine Kantenl\u00e4nge von 55 mm entspricht dem gewohnten Standard.<\/span><\/p>\n<h3 class=\"md-end-block md-heading\">Variable Pr\u00e4zision<\/h3>\n<p class=\"md-end-block\">Das optimierte Federgetriebe des Meilong garantiert einen geschmeidigen und leichtg\u00e4ngigen Bewegungslauf. Mit Hilfe der pr\u00e4zisen Mechanik dreht der Meilong von Haus aus sehr gut, sodass sie im Originalzustand bereits einen wettbewerbsf\u00e4higen W\u00fcrfel erhalten. Sie k\u00f6nnen durch Feintuning (anziehen bzw. lockern der versteckten Schrauben) die Festigkeit, Drehbarkeit und Haptik beeinflussen und auf Ihre pers\u00f6nlichen Vorlieben anpassen. Ideal f\u00fcr Anf\u00e4nger und und Fortgeschrittene.<\/p>\n<h3 class=\"md-end-block md-heading\"><span class=\"\">Schnell und leicht<\/span><\/h3>\n<p class=\"md-end-block\">Der Speedcube liegt unglaublich gut in der Hand. Sein Gewicht ist angenehm leicht, er ist sehr griffig und schnell in der Bewegung. Die sechseckig angeschr\u00e4gten Kantsteine machen ihn besonders griffig: Kein Verhaken, kein Blockieren.<\/p>\n<p class=\"md-end-block\"><span class=\"\">Der hochwertiger ABS-Kunststoff aus dem der W\u00fcrfel gefertigt ist, ist ungiftig, riecht nicht und kann leicht gereinigt werden und verhindert statische Aufladung in der Bewegung.<\/span><\/p>\n<h3 class=\"md-end-block md-heading\">Warnhinweis<\/h3>\n<p>Achtung, Erstickungsgefahr! Der magische W\u00fcrfel besteht aus Kleinteilen, die sich evtl. l\u00f6sen k\u00f6nnen, daher ist er nicht f\u00fcr Kinder unter 3 Jahren geeignet!<\/p>\n<h4>Fazit:<\/h4>\n<p>Mit einem leichten Design, fortschrittlichen Designmerkmalen und einem mattierten \u00c4u\u00dferen f\u00fchlt sich der Meilong \u00e4hnlich wie ein High-End-3&#215;3 zu einem Bruchteil des Preises an.<\/p>\n<p class=\"md-end-block\"><span class=\"\"><strong>Eigenschaften<\/strong><\/span>:<\/p>\n<ul>\n<li class=\"md-end-block\">neu und Originalverpackt<\/li>\n<li class=\"md-end-block\">hohe Qualit\u00e4t<\/li>\n<li class=\"md-end-block\">aus hochwertigem ABS Material, das umweltfreundlich, ungiftig und langlebig ist<\/li>\n<li class=\"md-end-block\">stickerless Design<\/li>\n<li class=\"md-end-block\">geschmeidige Rotation und komfortables Spielgef\u00fchl<\/li>\n<li class=\"md-end-block\">ausgezeichnete Fehlertoleranz f\u00fcr besonders schnelle Zeiten<\/li>\n<li class=\"md-end-block\">geeignet f\u00fcr Speedcube Wettbewerbe<\/li>\n<\/ul>\n<p class=\"md-end-block\"><span class=\"\"><strong>Spezifikationen<\/strong><\/span>:<\/p>\n<ul>\n<li class=\"md-end-block\">Farbe: stickerless<\/li>\n<li class=\"md-end-block\">Material: Kunststoff (ABS)<\/li>\n<li class=\"md-end-block\">Produkt Abmessungen: 5,5 x\u00a0<span class=\"\">5,5 x\u00a0<\/span>5,5 cm<\/li>\n<li class=\"md-end-block\">Gewicht: 73g<\/li>\n<\/ul>\n","protected":false},"excerpt":{"rendered":"<p>MoYu Meilong 3C 3&#215;3 &#8211; stickerless Der MoYu MeiLong 3&#215;3 ist Moyus neuer kosteng\u00fcnstiger Hochleistungs-Speedcube. Dieser 2019 vorgestellte 3&#215;3-W\u00fcrfel ist einer der gro\u00dfen \u00dcberraschungen des Jahres und verf\u00fcgt \u00fcber die wichtigsten Merkmale schneller und deutlich teurerer W\u00fcrfel. Das Preis\/Leistungsverh\u00e4ltnis ist so gut das er einer der\u00a0kosteneffektivsten Speedcubes am Markt ist! Mit 55 mm Kantenl\u00e4nge eignet [&hellip;]<\/p>\n","protected":false},"featured_media":3914,"comment_status":"open","ping_status":"closed","template":"","meta":[],"product_brand":[],"product_cat":[53,37,38,86,19],"product_tag":[],"class_list":{"0":"post-3659","1":"product","2":"type-product","3":"status-publish","4":"has-post-thumbnail","6":"product_cat-3x3","7":"product_cat-hersteller","8":"product_cat-moyu","9":"product_cat-neue-produkte","10":"product_cat-zauberwuerfel","12":"first","13":"instock","14":"taxable","15":"shipping-taxable","16":"purchasable","17":"product-type-simple"},"yoast_head":"<!-- This site is optimized with the Yoast SEO plugin v26.7 - https:\/\/yoast.com\/wordpress\/plugins\/seo\/ -->\n<title>MoYu Meilong 3C 3x3 - stickerless - gRoods<\/title>\n<meta name=\"robots\" content=\"index, follow, max-snippet:-1, max-image-preview:large, max-video-preview:-1\" \/>\n<link rel=\"canonical\" href=\"https:\/\/www.groods.de\/index.php\/produkt\/moyu-meilong-3c-3x3-stickerless\/\" \/>\n<meta property=\"og:locale\" content=\"de_DE\" \/>\n<meta property=\"og:type\" content=\"article\" \/>\n<meta property=\"og:title\" content=\"MoYu Meilong 3C 3x3 - stickerless - gRoods\" \/>\n<meta property=\"og:description\" content=\"MoYu Meilong 3C 3&#215;3 &#8211; stickerless Der MoYu MeiLong 3&#215;3 ist Moyus neuer kosteng\u00fcnstiger Hochleistungs-Speedcube. Dieser 2019 vorgestellte 3&#215;3-W\u00fcrfel ist einer der gro\u00dfen \u00dcberraschungen des Jahres und verf\u00fcgt \u00fcber die wichtigsten Merkmale schneller und deutlich teurerer W\u00fcrfel. Das Preis\/Leistungsverh\u00e4ltnis ist so gut das er einer der\u00a0kosteneffektivsten Speedcubes am Markt ist! Mit 55 mm Kantenl\u00e4nge eignet [&hellip;]\" \/>\n<meta property=\"og:url\" content=\"https:\/\/www.groods.de\/index.php\/produkt\/moyu-meilong-3c-3x3-stickerless\/\" \/>\n<meta property=\"og:site_name\" content=\"gRoods\" \/>\n<meta property=\"article:modified_time\" content=\"2025-11-19T21:24:38+00:00\" \/>\n<meta property=\"og:image\" content=\"https:\/\/www.groods.de\/wp-content\/uploads\/2019\/12\/MoYu_Meilong_3C_3x3-stickerless_5.jpg\" \/>\n\t<meta property=\"og:image:width\" content=\"800\" \/>\n\t<meta property=\"og:image:height\" content=\"800\" \/>\n\t<meta property=\"og:image:type\" content=\"image\/jpeg\" \/>\n<meta name=\"twitter:card\" content=\"summary_large_image\" \/>\n<meta name=\"twitter:label1\" content=\"Gesch\u00e4tzte Lesezeit\" \/>\n\t<meta name=\"twitter:data1\" content=\"4\u00a0Minuten\" \/>\n<script type=\"application\/ld+json\" class=\"yoast-schema-graph\">{\"@context\":\"https:\/\/schema.org\",\"@graph\":[{\"@type\":\"WebPage\",\"@id\":\"https:\/\/www.groods.de\/index.php\/produkt\/moyu-meilong-3c-3x3-stickerless\/\",\"url\":\"https:\/\/www.groods.de\/index.php\/produkt\/moyu-meilong-3c-3x3-stickerless\/\",\"name\":\"MoYu Meilong 3C 3x3 - stickerless - gRoods\",\"isPartOf\":{\"@id\":\"https:\/\/www.groods.de\/#website\"},\"primaryImageOfPage\":{\"@id\":\"https:\/\/www.groods.de\/index.php\/produkt\/moyu-meilong-3c-3x3-stickerless\/#primaryimage\"},\"image\":{\"@id\":\"https:\/\/www.groods.de\/index.php\/produkt\/moyu-meilong-3c-3x3-stickerless\/#primaryimage\"},\"thumbnailUrl\":\"https:\/\/www.groods.de\/wp-content\/uploads\/2019\/12\/MoYu_Meilong_3C_3x3-stickerless_5.jpg\",\"datePublished\":\"2019-12-09T14:15:51+00:00\",\"dateModified\":\"2025-11-19T21:24:38+00:00\",\"breadcrumb\":{\"@id\":\"https:\/\/www.groods.de\/index.php\/produkt\/moyu-meilong-3c-3x3-stickerless\/#breadcrumb\"},\"inLanguage\":\"de\",\"potentialAction\":[{\"@type\":\"ReadAction\",\"target\":[\"https:\/\/www.groods.de\/index.php\/produkt\/moyu-meilong-3c-3x3-stickerless\/\"]}]},{\"@type\":\"ImageObject\",\"inLanguage\":\"de\",\"@id\":\"https:\/\/www.groods.de\/index.php\/produkt\/moyu-meilong-3c-3x3-stickerless\/#primaryimage\",\"url\":\"https:\/\/www.groods.de\/wp-content\/uploads\/2019\/12\/MoYu_Meilong_3C_3x3-stickerless_5.jpg\",\"contentUrl\":\"https:\/\/www.groods.de\/wp-content\/uploads\/2019\/12\/MoYu_Meilong_3C_3x3-stickerless_5.jpg\",\"width\":800,\"height\":800},{\"@type\":\"BreadcrumbList\",\"@id\":\"https:\/\/www.groods.de\/index.php\/produkt\/moyu-meilong-3c-3x3-stickerless\/#breadcrumb\",\"itemListElement\":[{\"@type\":\"ListItem\",\"position\":1,\"name\":\"Startseite\",\"item\":\"https:\/\/www.groods.de\/\"},{\"@type\":\"ListItem\",\"position\":2,\"name\":\"Shop\",\"item\":\"https:\/\/www.groods.de\/index.php\/shop\/\"},{\"@type\":\"ListItem\",\"position\":3,\"name\":\"MoYu Meilong 3C 3&#215;3 &#8211; stickerless\"}]},{\"@type\":\"WebSite\",\"@id\":\"https:\/\/www.groods.de\/#website\",\"url\":\"https:\/\/www.groods.de\/\",\"name\":\"gRoods.de\",\"description\":\"Entdecke die Welt der Speedcubes\",\"publisher\":{\"@id\":\"https:\/\/www.groods.de\/#organization\"},\"potentialAction\":[{\"@type\":\"SearchAction\",\"target\":{\"@type\":\"EntryPoint\",\"urlTemplate\":\"https:\/\/www.groods.de\/?s={search_term_string}\"},\"query-input\":{\"@type\":\"PropertyValueSpecification\",\"valueRequired\":true,\"valueName\":\"search_term_string\"}}],\"inLanguage\":\"de\"},{\"@type\":\"Organization\",\"@id\":\"https:\/\/www.groods.de\/#organization\",\"name\":\"gRoods.de\",\"url\":\"https:\/\/www.groods.de\/\",\"logo\":{\"@type\":\"ImageObject\",\"inLanguage\":\"de\",\"@id\":\"https:\/\/www.groods.de\/#\/schema\/logo\/image\/\",\"url\":\"https:\/\/www.groods.de\/wp-content\/uploads\/2018\/08\/logo.png\",\"contentUrl\":\"https:\/\/www.groods.de\/wp-content\/uploads\/2018\/08\/logo.png\",\"width\":1077,\"height\":373,\"caption\":\"gRoods.de\"},\"image\":{\"@id\":\"https:\/\/www.groods.de\/#\/schema\/logo\/image\/\"}}]}<\/script>\n<!-- \/ Yoast SEO plugin. -->","yoast_head_json":{"title":"MoYu Meilong 3C 3x3 - stickerless - gRoods","robots":{"index":"index","follow":"follow","max-snippet":"max-snippet:-1","max-image-preview":"max-image-preview:large","max-video-preview":"max-video-preview:-1"},"canonical":"https:\/\/www.groods.de\/index.php\/produkt\/moyu-meilong-3c-3x3-stickerless\/","og_locale":"de_DE","og_type":"article","og_title":"MoYu Meilong 3C 3x3 - stickerless - gRoods","og_description":"MoYu Meilong 3C 3&#215;3 &#8211; stickerless Der MoYu MeiLong 3&#215;3 ist Moyus neuer kosteng\u00fcnstiger Hochleistungs-Speedcube. Dieser 2019 vorgestellte 3&#215;3-W\u00fcrfel ist einer der gro\u00dfen \u00dcberraschungen des Jahres und verf\u00fcgt \u00fcber die wichtigsten Merkmale schneller und deutlich teurerer W\u00fcrfel. Das Preis\/Leistungsverh\u00e4ltnis ist so gut das er einer der\u00a0kosteneffektivsten Speedcubes am Markt ist! Mit 55 mm Kantenl\u00e4nge eignet [&hellip;]","og_url":"https:\/\/www.groods.de\/index.php\/produkt\/moyu-meilong-3c-3x3-stickerless\/","og_site_name":"gRoods","article_modified_time":"2025-11-19T21:24:38+00:00","og_image":[{"width":800,"height":800,"url":"https:\/\/www.groods.de\/wp-content\/uploads\/2019\/12\/MoYu_Meilong_3C_3x3-stickerless_5.jpg","type":"image\/jpeg"}],"twitter_card":"summary_large_image","twitter_misc":{"Gesch\u00e4tzte Lesezeit":"4\u00a0Minuten"},"schema":{"@context":"https:\/\/schema.org","@graph":[{"@type":"WebPage","@id":"https:\/\/www.groods.de\/index.php\/produkt\/moyu-meilong-3c-3x3-stickerless\/","url":"https:\/\/www.groods.de\/index.php\/produkt\/moyu-meilong-3c-3x3-stickerless\/","name":"MoYu Meilong 3C 3x3 - stickerless - gRoods","isPartOf":{"@id":"https:\/\/www.groods.de\/#website"},"primaryImageOfPage":{"@id":"https:\/\/www.groods.de\/index.php\/produkt\/moyu-meilong-3c-3x3-stickerless\/#primaryimage"},"image":{"@id":"https:\/\/www.groods.de\/index.php\/produkt\/moyu-meilong-3c-3x3-stickerless\/#primaryimage"},"thumbnailUrl":"https:\/\/www.groods.de\/wp-content\/uploads\/2019\/12\/MoYu_Meilong_3C_3x3-stickerless_5.jpg","datePublished":"2019-12-09T14:15:51+00:00","dateModified":"2025-11-19T21:24:38+00:00","breadcrumb":{"@id":"https:\/\/www.groods.de\/index.php\/produkt\/moyu-meilong-3c-3x3-stickerless\/#breadcrumb"},"inLanguage":"de","potentialAction":[{"@type":"ReadAction","target":["https:\/\/www.groods.de\/index.php\/produkt\/moyu-meilong-3c-3x3-stickerless\/"]}]},{"@type":"ImageObject","inLanguage":"de","@id":"https:\/\/www.groods.de\/index.php\/produkt\/moyu-meilong-3c-3x3-stickerless\/#primaryimage","url":"https:\/\/www.groods.de\/wp-content\/uploads\/2019\/12\/MoYu_Meilong_3C_3x3-stickerless_5.jpg","contentUrl":"https:\/\/www.groods.de\/wp-content\/uploads\/2019\/12\/MoYu_Meilong_3C_3x3-stickerless_5.jpg","width":800,"height":800},{"@type":"BreadcrumbList","@id":"https:\/\/www.groods.de\/index.php\/produkt\/moyu-meilong-3c-3x3-stickerless\/#breadcrumb","itemListElement":[{"@type":"ListItem","position":1,"name":"Startseite","item":"https:\/\/www.groods.de\/"},{"@type":"ListItem","position":2,"name":"Shop","item":"https:\/\/www.groods.de\/index.php\/shop\/"},{"@type":"ListItem","position":3,"name":"MoYu Meilong 3C 3&#215;3 &#8211; stickerless"}]},{"@type":"WebSite","@id":"https:\/\/www.groods.de\/#website","url":"https:\/\/www.groods.de\/","name":"gRoods.de","description":"Entdecke die Welt der Speedcubes","publisher":{"@id":"https:\/\/www.groods.de\/#organization"},"potentialAction":[{"@type":"SearchAction","target":{"@type":"EntryPoint","urlTemplate":"https:\/\/www.groods.de\/?s={search_term_string}"},"query-input":{"@type":"PropertyValueSpecification","valueRequired":true,"valueName":"search_term_string"}}],"inLanguage":"de"},{"@type":"Organization","@id":"https:\/\/www.groods.de\/#organization","name":"gRoods.de","url":"https:\/\/www.groods.de\/","logo":{"@type":"ImageObject","inLanguage":"de","@id":"https:\/\/www.groods.de\/#\/schema\/logo\/image\/","url":"https:\/\/www.groods.de\/wp-content\/uploads\/2018\/08\/logo.png","contentUrl":"https:\/\/www.groods.de\/wp-content\/uploads\/2018\/08\/logo.png","width":1077,"height":373,"caption":"gRoods.de"},"image":{"@id":"https:\/\/www.groods.de\/#\/schema\/logo\/image\/"}}]}},"_links":{"self":[{"href":"https:\/\/www.groods.de\/index.php\/wp-json\/wp\/v2\/product\/3659","targetHints":{"allow":["GET"]}}],"collection":[{"href":"https:\/\/www.groods.de\/index.php\/wp-json\/wp\/v2\/product"}],"about":[{"href":"https:\/\/www.groods.de\/index.php\/wp-json\/wp\/v2\/types\/product"}],"replies":[{"embeddable":true,"href":"https:\/\/www.groods.de\/index.php\/wp-json\/wp\/v2\/comments?post=3659"}],"wp:featuredmedia":[{"embeddable":true,"href":"https:\/\/www.groods.de\/index.php\/wp-json\/wp\/v2\/media\/3914"}],"wp:attachment":[{"href":"https:\/\/www.groods.de\/index.php\/wp-json\/wp\/v2\/media?parent=3659"}],"wp:term":[{"taxonomy":"product_brand","embeddable":true,"href":"https:\/\/www.groods.de\/index.php\/wp-json\/wp\/v2\/product_brand?post=3659"},{"taxonomy":"product_cat","embeddable":true,"href":"https:\/\/www.groods.de\/index.php\/wp-json\/wp\/v2\/product_cat?post=3659"},{"taxonomy":"product_tag","embeddable":true,"href":"https:\/\/www.groods.de\/index.php\/wp-json\/wp\/v2\/product_tag?post=3659"}],"curies":[{"name":"wp","href":"https:\/\/api.w.org\/{rel}","templated":true}]}}