{"id":2643,"date":"2019-11-13T12:44:06","date_gmt":"2019-11-13T11:44:06","guid":{"rendered":"https:\/\/www.groods.de\/index.php\/produkt\/metalldraht-puzzle-set-8-teilig-style-b\/"},"modified":"2025-11-03T12:09:00","modified_gmt":"2025-11-03T11:09:00","slug":"metalldraht-puzzle-set-8-teilig-style-b","status":"publish","type":"product","link":"https:\/\/www.groods.de\/index.php\/produkt\/metalldraht-puzzle-set-8-teilig-style-b\/","title":{"rendered":"Metalldraht Puzzle Set 8-teilig (Style B)"},"content":{"rendered":"<h1>Metalldraht Puzzle Set 8-teilig (Style B)<\/h1>\n<p>Chinesische Ring Puzzle f\u00fcr Kinder und Erwachsene, Die Brain Teaser Metalldraht IQ Puzzles sind aus hochwertigem Metall und somit sehr robust und langlebig. Das Set enth\u00e4lt 8 Puzzle mit unterschiedlichen Schwierigkeitsgraden. Stellen Sie sich der Herausforderung?<\/p>\n<p>Klassisches Spielzeugspiel mit intellektueller Entflechtung, das von relativ einfach bis schwierig reicht und speziell f\u00fcr Kinder und Erwachsene entwickelt wurde, um das Potenzial des Denkens zu f\u00f6rdern, Intelligenz zu entwickeln und manipulative F\u00e4higkeiten zu \u00fcben.<br \/>\nDiese Metal Teaser sehen einfach aus, enthalten aber viele R\u00e4tsel, definitiv eine gute Wahl, um das Gehirn zu trainieren, die F\u00e4higkeiten zur Probleml\u00f6sung zu verbessern, den Druck in jeder Freizeit zu lindern oder als Geschenk f\u00fcr\u00a0Ihren Freunde.<\/p>\n<p>In der traditionellen chinesischen Kultur hei\u00dft es &#8222;Kleine exquisite Spielzeuge bringen gro\u00dfe Weisheit&#8220;.<\/p>\n<h4>Eigenschaften:<\/h4>\n<ul>\n<li>neu und Originalverpackt<\/li>\n<li>Farbe silber<\/li>\n<li>Gr\u00f6\u00dfe (ungef\u00e4hr): 3,2-8 cm<\/li>\n<li>Material: Edelstahl<\/li>\n<li>hohe Qualit\u00e4t<\/li>\n<li>Das Paket beinhaltet: 1 Satz chinesisches Ringpuzzle (8 Teile), 1 englische Bedienungsanleitung<\/li>\n<\/ul>\n<p>&nbsp;<\/p>\n","protected":false},"excerpt":{"rendered":"<p>Metalldraht Puzzle Set 8-teilig (Style B) Chinesische Ring Puzzle f\u00fcr Kinder und Erwachsene, Die Brain Teaser Metalldraht IQ Puzzles sind aus hochwertigem Metall und somit sehr robust und langlebig. Das Set enth\u00e4lt 8 Puzzle mit unterschiedlichen Schwierigkeitsgraden. Stellen Sie sich der Herausforderung? Klassisches Spielzeugspiel mit intellektueller Entflechtung, das von relativ einfach bis schwierig reicht und [&hellip;]<\/p>\n","protected":false},"featured_media":3166,"comment_status":"open","ping_status":"closed","template":"","meta":[],"product_brand":[],"product_cat":[45,90,86],"product_tag":[],"class_list":{"0":"post-2643","1":"product","2":"type-product","3":"status-publish","4":"has-post-thumbnail","6":"product_cat-andere-formen","7":"product_cat-metalldraht-puzzle","8":"product_cat-neue-produkte","10":"first","11":"outofstock","12":"taxable","13":"shipping-taxable","14":"purchasable","15":"product-type-simple"},"yoast_head":"<!-- This site is optimized with the Yoast SEO plugin v26.7 - https:\/\/yoast.com\/wordpress\/plugins\/seo\/ -->\n<title>Metalldraht Puzzle Set 8-teilig (Style B) - gRoods<\/title>\n<meta name=\"robots\" content=\"index, follow, max-snippet:-1, max-image-preview:large, max-video-preview:-1\" \/>\n<link rel=\"canonical\" href=\"https:\/\/www.groods.de\/index.php\/produkt\/metalldraht-puzzle-set-8-teilig-style-b\/\" \/>\n<meta property=\"og:locale\" content=\"de_DE\" \/>\n<meta property=\"og:type\" content=\"article\" \/>\n<meta property=\"og:title\" content=\"Metalldraht Puzzle Set 8-teilig (Style B) - gRoods\" \/>\n<meta property=\"og:description\" content=\"Metalldraht Puzzle Set 8-teilig (Style B) Chinesische Ring Puzzle f\u00fcr Kinder und Erwachsene, Die Brain Teaser Metalldraht IQ Puzzles sind aus hochwertigem Metall und somit sehr robust und langlebig. Das Set enth\u00e4lt 8 Puzzle mit unterschiedlichen Schwierigkeitsgraden. Stellen Sie sich der Herausforderung? Klassisches Spielzeugspiel mit intellektueller Entflechtung, das von relativ einfach bis schwierig reicht und [&hellip;]\" \/>\n<meta property=\"og:url\" content=\"https:\/\/www.groods.de\/index.php\/produkt\/metalldraht-puzzle-set-8-teilig-style-b\/\" \/>\n<meta property=\"og:site_name\" content=\"gRoods\" \/>\n<meta property=\"article:modified_time\" content=\"2025-11-03T11:09:00+00:00\" \/>\n<meta property=\"og:image\" content=\"https:\/\/www.groods.de\/wp-content\/uploads\/2019\/11\/Metalldraht-Puzzle-Set-8-teilig-B.jpeg\" \/>\n\t<meta property=\"og:image:width\" content=\"1024\" \/>\n\t<meta property=\"og:image:height\" content=\"1024\" \/>\n\t<meta property=\"og:image:type\" content=\"image\/jpeg\" \/>\n<meta name=\"twitter:card\" content=\"summary_large_image\" \/>\n<meta name=\"twitter:label1\" content=\"Gesch\u00e4tzte Lesezeit\" \/>\n\t<meta name=\"twitter:data1\" content=\"2\u00a0Minuten\" \/>\n<script type=\"application\/ld+json\" class=\"yoast-schema-graph\">{\"@context\":\"https:\/\/schema.org\",\"@graph\":[{\"@type\":\"WebPage\",\"@id\":\"https:\/\/www.groods.de\/index.php\/produkt\/metalldraht-puzzle-set-8-teilig-style-b\/\",\"url\":\"https:\/\/www.groods.de\/index.php\/produkt\/metalldraht-puzzle-set-8-teilig-style-b\/\",\"name\":\"Metalldraht Puzzle Set 8-teilig (Style B) - gRoods\",\"isPartOf\":{\"@id\":\"https:\/\/www.groods.de\/#website\"},\"primaryImageOfPage\":{\"@id\":\"https:\/\/www.groods.de\/index.php\/produkt\/metalldraht-puzzle-set-8-teilig-style-b\/#primaryimage\"},\"image\":{\"@id\":\"https:\/\/www.groods.de\/index.php\/produkt\/metalldraht-puzzle-set-8-teilig-style-b\/#primaryimage\"},\"thumbnailUrl\":\"https:\/\/www.groods.de\/wp-content\/uploads\/2019\/11\/Metalldraht-Puzzle-Set-8-teilig-B.jpeg\",\"datePublished\":\"2019-11-13T11:44:06+00:00\",\"dateModified\":\"2025-11-03T11:09:00+00:00\",\"breadcrumb\":{\"@id\":\"https:\/\/www.groods.de\/index.php\/produkt\/metalldraht-puzzle-set-8-teilig-style-b\/#breadcrumb\"},\"inLanguage\":\"de\",\"potentialAction\":[{\"@type\":\"ReadAction\",\"target\":[\"https:\/\/www.groods.de\/index.php\/produkt\/metalldraht-puzzle-set-8-teilig-style-b\/\"]}]},{\"@type\":\"ImageObject\",\"inLanguage\":\"de\",\"@id\":\"https:\/\/www.groods.de\/index.php\/produkt\/metalldraht-puzzle-set-8-teilig-style-b\/#primaryimage\",\"url\":\"https:\/\/www.groods.de\/wp-content\/uploads\/2019\/11\/Metalldraht-Puzzle-Set-8-teilig-B.jpeg\",\"contentUrl\":\"https:\/\/www.groods.de\/wp-content\/uploads\/2019\/11\/Metalldraht-Puzzle-Set-8-teilig-B.jpeg\",\"width\":1024,\"height\":1024},{\"@type\":\"BreadcrumbList\",\"@id\":\"https:\/\/www.groods.de\/index.php\/produkt\/metalldraht-puzzle-set-8-teilig-style-b\/#breadcrumb\",\"itemListElement\":[{\"@type\":\"ListItem\",\"position\":1,\"name\":\"Startseite\",\"item\":\"https:\/\/www.groods.de\/\"},{\"@type\":\"ListItem\",\"position\":2,\"name\":\"Shop\",\"item\":\"https:\/\/www.groods.de\/index.php\/shop\/\"},{\"@type\":\"ListItem\",\"position\":3,\"name\":\"Metalldraht Puzzle Set 8-teilig (Style B)\"}]},{\"@type\":\"WebSite\",\"@id\":\"https:\/\/www.groods.de\/#website\",\"url\":\"https:\/\/www.groods.de\/\",\"name\":\"gRoods.de\",\"description\":\"Entdecke die Welt der Speedcubes\",\"publisher\":{\"@id\":\"https:\/\/www.groods.de\/#organization\"},\"potentialAction\":[{\"@type\":\"SearchAction\",\"target\":{\"@type\":\"EntryPoint\",\"urlTemplate\":\"https:\/\/www.groods.de\/?s={search_term_string}\"},\"query-input\":{\"@type\":\"PropertyValueSpecification\",\"valueRequired\":true,\"valueName\":\"search_term_string\"}}],\"inLanguage\":\"de\"},{\"@type\":\"Organization\",\"@id\":\"https:\/\/www.groods.de\/#organization\",\"name\":\"gRoods.de\",\"url\":\"https:\/\/www.groods.de\/\",\"logo\":{\"@type\":\"ImageObject\",\"inLanguage\":\"de\",\"@id\":\"https:\/\/www.groods.de\/#\/schema\/logo\/image\/\",\"url\":\"https:\/\/www.groods.de\/wp-content\/uploads\/2018\/08\/logo.png\",\"contentUrl\":\"https:\/\/www.groods.de\/wp-content\/uploads\/2018\/08\/logo.png\",\"width\":1077,\"height\":373,\"caption\":\"gRoods.de\"},\"image\":{\"@id\":\"https:\/\/www.groods.de\/#\/schema\/logo\/image\/\"}}]}<\/script>\n<!-- \/ Yoast SEO plugin. -->","yoast_head_json":{"title":"Metalldraht Puzzle Set 8-teilig (Style B) - gRoods","robots":{"index":"index","follow":"follow","max-snippet":"max-snippet:-1","max-image-preview":"max-image-preview:large","max-video-preview":"max-video-preview:-1"},"canonical":"https:\/\/www.groods.de\/index.php\/produkt\/metalldraht-puzzle-set-8-teilig-style-b\/","og_locale":"de_DE","og_type":"article","og_title":"Metalldraht Puzzle Set 8-teilig (Style B) - gRoods","og_description":"Metalldraht Puzzle Set 8-teilig (Style B) Chinesische Ring Puzzle f\u00fcr Kinder und Erwachsene, Die Brain Teaser Metalldraht IQ Puzzles sind aus hochwertigem Metall und somit sehr robust und langlebig. Das Set enth\u00e4lt 8 Puzzle mit unterschiedlichen Schwierigkeitsgraden. Stellen Sie sich der Herausforderung? Klassisches Spielzeugspiel mit intellektueller Entflechtung, das von relativ einfach bis schwierig reicht und [&hellip;]","og_url":"https:\/\/www.groods.de\/index.php\/produkt\/metalldraht-puzzle-set-8-teilig-style-b\/","og_site_name":"gRoods","article_modified_time":"2025-11-03T11:09:00+00:00","og_image":[{"width":1024,"height":1024,"url":"https:\/\/www.groods.de\/wp-content\/uploads\/2019\/11\/Metalldraht-Puzzle-Set-8-teilig-B.jpeg","type":"image\/jpeg"}],"twitter_card":"summary_large_image","twitter_misc":{"Gesch\u00e4tzte Lesezeit":"2\u00a0Minuten"},"schema":{"@context":"https:\/\/schema.org","@graph":[{"@type":"WebPage","@id":"https:\/\/www.groods.de\/index.php\/produkt\/metalldraht-puzzle-set-8-teilig-style-b\/","url":"https:\/\/www.groods.de\/index.php\/produkt\/metalldraht-puzzle-set-8-teilig-style-b\/","name":"Metalldraht Puzzle Set 8-teilig (Style B) - gRoods","isPartOf":{"@id":"https:\/\/www.groods.de\/#website"},"primaryImageOfPage":{"@id":"https:\/\/www.groods.de\/index.php\/produkt\/metalldraht-puzzle-set-8-teilig-style-b\/#primaryimage"},"image":{"@id":"https:\/\/www.groods.de\/index.php\/produkt\/metalldraht-puzzle-set-8-teilig-style-b\/#primaryimage"},"thumbnailUrl":"https:\/\/www.groods.de\/wp-content\/uploads\/2019\/11\/Metalldraht-Puzzle-Set-8-teilig-B.jpeg","datePublished":"2019-11-13T11:44:06+00:00","dateModified":"2025-11-03T11:09:00+00:00","breadcrumb":{"@id":"https:\/\/www.groods.de\/index.php\/produkt\/metalldraht-puzzle-set-8-teilig-style-b\/#breadcrumb"},"inLanguage":"de","potentialAction":[{"@type":"ReadAction","target":["https:\/\/www.groods.de\/index.php\/produkt\/metalldraht-puzzle-set-8-teilig-style-b\/"]}]},{"@type":"ImageObject","inLanguage":"de","@id":"https:\/\/www.groods.de\/index.php\/produkt\/metalldraht-puzzle-set-8-teilig-style-b\/#primaryimage","url":"https:\/\/www.groods.de\/wp-content\/uploads\/2019\/11\/Metalldraht-Puzzle-Set-8-teilig-B.jpeg","contentUrl":"https:\/\/www.groods.de\/wp-content\/uploads\/2019\/11\/Metalldraht-Puzzle-Set-8-teilig-B.jpeg","width":1024,"height":1024},{"@type":"BreadcrumbList","@id":"https:\/\/www.groods.de\/index.php\/produkt\/metalldraht-puzzle-set-8-teilig-style-b\/#breadcrumb","itemListElement":[{"@type":"ListItem","position":1,"name":"Startseite","item":"https:\/\/www.groods.de\/"},{"@type":"ListItem","position":2,"name":"Shop","item":"https:\/\/www.groods.de\/index.php\/shop\/"},{"@type":"ListItem","position":3,"name":"Metalldraht Puzzle Set 8-teilig (Style B)"}]},{"@type":"WebSite","@id":"https:\/\/www.groods.de\/#website","url":"https:\/\/www.groods.de\/","name":"gRoods.de","description":"Entdecke die Welt der Speedcubes","publisher":{"@id":"https:\/\/www.groods.de\/#organization"},"potentialAction":[{"@type":"SearchAction","target":{"@type":"EntryPoint","urlTemplate":"https:\/\/www.groods.de\/?s={search_term_string}"},"query-input":{"@type":"PropertyValueSpecification","valueRequired":true,"valueName":"search_term_string"}}],"inLanguage":"de"},{"@type":"Organization","@id":"https:\/\/www.groods.de\/#organization","name":"gRoods.de","url":"https:\/\/www.groods.de\/","logo":{"@type":"ImageObject","inLanguage":"de","@id":"https:\/\/www.groods.de\/#\/schema\/logo\/image\/","url":"https:\/\/www.groods.de\/wp-content\/uploads\/2018\/08\/logo.png","contentUrl":"https:\/\/www.groods.de\/wp-content\/uploads\/2018\/08\/logo.png","width":1077,"height":373,"caption":"gRoods.de"},"image":{"@id":"https:\/\/www.groods.de\/#\/schema\/logo\/image\/"}}]}},"_links":{"self":[{"href":"https:\/\/www.groods.de\/index.php\/wp-json\/wp\/v2\/product\/2643","targetHints":{"allow":["GET"]}}],"collection":[{"href":"https:\/\/www.groods.de\/index.php\/wp-json\/wp\/v2\/product"}],"about":[{"href":"https:\/\/www.groods.de\/index.php\/wp-json\/wp\/v2\/types\/product"}],"replies":[{"embeddable":true,"href":"https:\/\/www.groods.de\/index.php\/wp-json\/wp\/v2\/comments?post=2643"}],"wp:featuredmedia":[{"embeddable":true,"href":"https:\/\/www.groods.de\/index.php\/wp-json\/wp\/v2\/media\/3166"}],"wp:attachment":[{"href":"https:\/\/www.groods.de\/index.php\/wp-json\/wp\/v2\/media?parent=2643"}],"wp:term":[{"taxonomy":"product_brand","embeddable":true,"href":"https:\/\/www.groods.de\/index.php\/wp-json\/wp\/v2\/product_brand?post=2643"},{"taxonomy":"product_cat","embeddable":true,"href":"https:\/\/www.groods.de\/index.php\/wp-json\/wp\/v2\/product_cat?post=2643"},{"taxonomy":"product_tag","embeddable":true,"href":"https:\/\/www.groods.de\/index.php\/wp-json\/wp\/v2\/product_tag?post=2643"}],"curies":[{"name":"wp","href":"https:\/\/api.w.org\/{rel}","templated":true}]}}