{"id":2637,"date":"2019-11-13T12:43:55","date_gmt":"2019-11-13T11:43:55","guid":{"rendered":"https:\/\/www.groods.de\/index.php\/produkt\/shengshou-gem-4er-set\/"},"modified":"2025-11-19T22:20:48","modified_gmt":"2025-11-19T21:20:48","slug":"shengshou-gem-4er-set","status":"publish","type":"product","link":"https:\/\/www.groods.de\/index.php\/produkt\/shengshou-gem-4er-set\/","title":{"rendered":"Shengshou Gem 4er Set 2&#215;2 3&#215;3 4&#215;4 5&#215;5 &#8211; stickerless"},"content":{"rendered":"<h1>Shengshou Gem 4er Set 2&#215;2 3&#215;3 4&#215;4 5&#215;5 &#8211; stickerless<\/h1>\n<h3 class=\"md-end-block md-heading\"><span class=\"\">Zauberw\u00fcrfel Bundle mit 4 verschiedenen W\u00fcrfeln<\/span><\/h3>\n<p>Das Geschenkset von Shengshou besteht aus 4 W\u00fcrfeln (2&#215;2, 3&#215;3, 4&#215;4, 5&#215;5) sowie einer Kurzanleitung zum l\u00f6sen. <span class=\"\">Sie zeichnen sich durch professionelle Qualit\u00e4t zum kleinen Preis aus. Die W\u00fcrfel haben lebendige Farben und bieten ein fantastisches Drehgef\u00fchl.\u00a0<\/span><\/p>\n<h3 class=\"md-end-block md-heading\">Variable Pr\u00e4zision<\/h3>\n<p class=\"md-end-block\"><span class=\"\">Das Federgetriebe garantiert einen geschmeidigen und leichtg\u00e4ngigen Bewegungslauf. Mit Hilfe der pr\u00e4zisen Mechanik drehen die Cubes von Haus aus sehr gut, sodass sie im Originalzustand bereits einen wettbewerbsf\u00e4higen W\u00fcrfel erhalten. Sie k\u00f6nnen durch Feintuning (anziehen bzw. lockern der versteckten Schrauben) die Festigkeit, Drehbarkeit und Haptik beeinflussen und auf Ihre pers\u00f6nlichen Vorlieben anpassen. Ideal f\u00fcr Anf\u00e4nger und und Fortgeschrittene.<\/span><\/p>\n<h3 class=\"md-end-block md-heading\">Geschenkidee und sportliche Herausforderung f\u00fcr Ihr Gehirn<\/h3>\n<p class=\"md-end-block\">Der Zauberw\u00fcrfel verbessert nachweislich die Konzentrationsf\u00e4higkeit und erh\u00f6ht langfristig die geistige Fitness. Zauberw\u00fcrfel sind das optimale Geschenk f\u00fcr Jung und Alt. Egal ob als Freizeitaktivit\u00e4t im Urlaub oder auf Reisen oder als Konzentrations\u00fcbung im B\u00fcro. Die W\u00fcrfel helfen beim Abschalten und Entspannen. Wer es einmal probiert hat, der wei\u00df, dass man alles um sich herum vergisst. Zum Stressabbau und zur Entspannung ist er eine super Alternative zum Smartphone.<\/p>\n<h3 class=\"md-end-block md-heading\">Schnell und leicht<\/h3>\n<p class=\"md-end-block\"><span class=\"\">Die Speedcubes liegen unglaublich gut in der Hand. Das Gewicht ist angenehm leicht, sie sind sehr griffig und schnell in der Bewegung.\u00a0<\/span><\/p>\n<p class=\"md-end-block\">Der hochwertiger ABS-Kunststoff aus dem der W\u00fcrfel gefertigt ist, ist ungiftig, riecht nicht und kann leicht gereinigt werden und verhindert statische Aufladung in der Bewegung.<\/p>\n<h3 class=\"md-end-block md-heading\">Warnhinweis<\/h3>\n<p class=\"md-end-block\">Achtung, Erstickungsgefahr! Der magische W\u00fcrfel besteht aus Kleinteilen, die sich evtl. l\u00f6sen k\u00f6nnen, daher ist er nicht f\u00fcr Kinder unter 3 Jahren geeignet!<\/p>\n<h3><strong data-spm-anchor-id=\"a2g0x.10010108.1000023.i0.3d0af4b4DKar3l\">Eigenschaften:<\/strong><\/h3>\n<ul>\n<li>glatte und schnelle Oberfl\u00e4che<\/li>\n<li class=\"md-end-block\">neu und Originalverpackt<\/li>\n<li class=\"md-end-block\">aus hochwertigem ABS Material, das umweltfreundlich, ungiftig und langlebig ist<\/li>\n<li class=\"md-end-block\">einfarbig im stickerless Design<\/li>\n<li class=\"md-end-block\">geschmeidige Rotation und komfortables Spielgef\u00fchl<\/li>\n<li class=\"md-end-block\">ausgezeichnete Fehlertoleranz f\u00fcr besonders schnelle Zeiten<\/li>\n<li>Viele Stunden Spa\u00df und Kopfzerbrechen mit Freunden und Familie sind garantiert<\/li>\n<\/ul>\n<h3>Spezifikationen:<\/h3>\n<ul>\n<li>Material: Kunststoff<\/li>\n<li>Verpackung: Karton Box<\/li>\n<\/ul>\n","protected":false},"excerpt":{"rendered":"<p>Shengshou Gem 4er Set 2&#215;2 3&#215;3 4&#215;4 5&#215;5 &#8211; stickerless Zauberw\u00fcrfel Bundle mit 4 verschiedenen W\u00fcrfeln Das Geschenkset von Shengshou besteht aus 4 W\u00fcrfeln (2&#215;2, 3&#215;3, 4&#215;4, 5&#215;5) sowie einer Kurzanleitung zum l\u00f6sen. Sie zeichnen sich durch professionelle Qualit\u00e4t zum kleinen Preis aus. Die W\u00fcrfel haben lebendige Farben und bieten ein fantastisches Drehgef\u00fchl.\u00a0 Variable Pr\u00e4zision [&hellip;]<\/p>\n","protected":false},"featured_media":2701,"comment_status":"open","ping_status":"closed","template":"","meta":[],"product_brand":[],"product_cat":[52,53,54,55,37,86,60,39,19],"product_tag":[],"class_list":{"0":"post-2637","1":"product","2":"type-product","3":"status-publish","4":"has-post-thumbnail","6":"product_cat-2x2","7":"product_cat-3x3","8":"product_cat-4x4","9":"product_cat-5x5","10":"product_cat-hersteller","11":"product_cat-neue-produkte","12":"product_cat-sets","13":"product_cat-shengshou","14":"product_cat-zauberwuerfel","16":"first","17":"instock","18":"taxable","19":"shipping-taxable","20":"purchasable","21":"product-type-simple"},"yoast_head":"<!-- This site is optimized with the Yoast SEO plugin v26.7 - https:\/\/yoast.com\/wordpress\/plugins\/seo\/ -->\n<title>Shengshou Gem 4er Set 2x2 3x3 4x4 5x5 - stickerless - gRoods<\/title>\n<meta name=\"robots\" content=\"index, follow, max-snippet:-1, max-image-preview:large, max-video-preview:-1\" \/>\n<link rel=\"canonical\" href=\"https:\/\/www.groods.de\/index.php\/produkt\/shengshou-gem-4er-set\/\" \/>\n<meta property=\"og:locale\" content=\"de_DE\" \/>\n<meta property=\"og:type\" content=\"article\" \/>\n<meta property=\"og:title\" content=\"Shengshou Gem 4er Set 2x2 3x3 4x4 5x5 - stickerless - gRoods\" \/>\n<meta property=\"og:description\" content=\"Shengshou Gem 4er Set 2&#215;2 3&#215;3 4&#215;4 5&#215;5 &#8211; stickerless Zauberw\u00fcrfel Bundle mit 4 verschiedenen W\u00fcrfeln Das Geschenkset von Shengshou besteht aus 4 W\u00fcrfeln (2&#215;2, 3&#215;3, 4&#215;4, 5&#215;5) sowie einer Kurzanleitung zum l\u00f6sen. Sie zeichnen sich durch professionelle Qualit\u00e4t zum kleinen Preis aus. Die W\u00fcrfel haben lebendige Farben und bieten ein fantastisches Drehgef\u00fchl.\u00a0 Variable Pr\u00e4zision [&hellip;]\" \/>\n<meta property=\"og:url\" content=\"https:\/\/www.groods.de\/index.php\/produkt\/shengshou-gem-4er-set\/\" \/>\n<meta property=\"og:site_name\" content=\"gRoods\" \/>\n<meta property=\"article:modified_time\" content=\"2025-11-19T21:20:48+00:00\" \/>\n<meta property=\"og:image\" content=\"https:\/\/www.groods.de\/wp-content\/uploads\/2019\/11\/Shengshou_Gem_Set_2345_9_1024.jpeg\" \/>\n\t<meta property=\"og:image:width\" content=\"1000\" \/>\n\t<meta property=\"og:image:height\" content=\"1000\" \/>\n\t<meta property=\"og:image:type\" content=\"image\/jpeg\" \/>\n<meta name=\"twitter:card\" content=\"summary_large_image\" \/>\n<meta name=\"twitter:label1\" content=\"Gesch\u00e4tzte Lesezeit\" \/>\n\t<meta name=\"twitter:data1\" content=\"2\u00a0Minuten\" \/>\n<script type=\"application\/ld+json\" class=\"yoast-schema-graph\">{\"@context\":\"https:\/\/schema.org\",\"@graph\":[{\"@type\":\"WebPage\",\"@id\":\"https:\/\/www.groods.de\/index.php\/produkt\/shengshou-gem-4er-set\/\",\"url\":\"https:\/\/www.groods.de\/index.php\/produkt\/shengshou-gem-4er-set\/\",\"name\":\"Shengshou Gem 4er Set 2x2 3x3 4x4 5x5 - stickerless - gRoods\",\"isPartOf\":{\"@id\":\"https:\/\/www.groods.de\/#website\"},\"primaryImageOfPage\":{\"@id\":\"https:\/\/www.groods.de\/index.php\/produkt\/shengshou-gem-4er-set\/#primaryimage\"},\"image\":{\"@id\":\"https:\/\/www.groods.de\/index.php\/produkt\/shengshou-gem-4er-set\/#primaryimage\"},\"thumbnailUrl\":\"https:\/\/www.groods.de\/wp-content\/uploads\/2019\/11\/Shengshou_Gem_Set_2345_9_1024.jpeg\",\"datePublished\":\"2019-11-13T11:43:55+00:00\",\"dateModified\":\"2025-11-19T21:20:48+00:00\",\"breadcrumb\":{\"@id\":\"https:\/\/www.groods.de\/index.php\/produkt\/shengshou-gem-4er-set\/#breadcrumb\"},\"inLanguage\":\"de\",\"potentialAction\":[{\"@type\":\"ReadAction\",\"target\":[\"https:\/\/www.groods.de\/index.php\/produkt\/shengshou-gem-4er-set\/\"]}]},{\"@type\":\"ImageObject\",\"inLanguage\":\"de\",\"@id\":\"https:\/\/www.groods.de\/index.php\/produkt\/shengshou-gem-4er-set\/#primaryimage\",\"url\":\"https:\/\/www.groods.de\/wp-content\/uploads\/2019\/11\/Shengshou_Gem_Set_2345_9_1024.jpeg\",\"contentUrl\":\"https:\/\/www.groods.de\/wp-content\/uploads\/2019\/11\/Shengshou_Gem_Set_2345_9_1024.jpeg\",\"width\":1000,\"height\":1000},{\"@type\":\"BreadcrumbList\",\"@id\":\"https:\/\/www.groods.de\/index.php\/produkt\/shengshou-gem-4er-set\/#breadcrumb\",\"itemListElement\":[{\"@type\":\"ListItem\",\"position\":1,\"name\":\"Startseite\",\"item\":\"https:\/\/www.groods.de\/\"},{\"@type\":\"ListItem\",\"position\":2,\"name\":\"Shop\",\"item\":\"https:\/\/www.groods.de\/index.php\/shop\/\"},{\"@type\":\"ListItem\",\"position\":3,\"name\":\"Shengshou Gem 4er Set 2&#215;2 3&#215;3 4&#215;4 5&#215;5 &#8211; stickerless\"}]},{\"@type\":\"WebSite\",\"@id\":\"https:\/\/www.groods.de\/#website\",\"url\":\"https:\/\/www.groods.de\/\",\"name\":\"gRoods.de\",\"description\":\"Entdecke die Welt der Speedcubes\",\"publisher\":{\"@id\":\"https:\/\/www.groods.de\/#organization\"},\"potentialAction\":[{\"@type\":\"SearchAction\",\"target\":{\"@type\":\"EntryPoint\",\"urlTemplate\":\"https:\/\/www.groods.de\/?s={search_term_string}\"},\"query-input\":{\"@type\":\"PropertyValueSpecification\",\"valueRequired\":true,\"valueName\":\"search_term_string\"}}],\"inLanguage\":\"de\"},{\"@type\":\"Organization\",\"@id\":\"https:\/\/www.groods.de\/#organization\",\"name\":\"gRoods.de\",\"url\":\"https:\/\/www.groods.de\/\",\"logo\":{\"@type\":\"ImageObject\",\"inLanguage\":\"de\",\"@id\":\"https:\/\/www.groods.de\/#\/schema\/logo\/image\/\",\"url\":\"https:\/\/www.groods.de\/wp-content\/uploads\/2018\/08\/logo.png\",\"contentUrl\":\"https:\/\/www.groods.de\/wp-content\/uploads\/2018\/08\/logo.png\",\"width\":1077,\"height\":373,\"caption\":\"gRoods.de\"},\"image\":{\"@id\":\"https:\/\/www.groods.de\/#\/schema\/logo\/image\/\"}}]}<\/script>\n<!-- \/ Yoast SEO plugin. -->","yoast_head_json":{"title":"Shengshou Gem 4er Set 2x2 3x3 4x4 5x5 - stickerless - gRoods","robots":{"index":"index","follow":"follow","max-snippet":"max-snippet:-1","max-image-preview":"max-image-preview:large","max-video-preview":"max-video-preview:-1"},"canonical":"https:\/\/www.groods.de\/index.php\/produkt\/shengshou-gem-4er-set\/","og_locale":"de_DE","og_type":"article","og_title":"Shengshou Gem 4er Set 2x2 3x3 4x4 5x5 - stickerless - gRoods","og_description":"Shengshou Gem 4er Set 2&#215;2 3&#215;3 4&#215;4 5&#215;5 &#8211; stickerless Zauberw\u00fcrfel Bundle mit 4 verschiedenen W\u00fcrfeln Das Geschenkset von Shengshou besteht aus 4 W\u00fcrfeln (2&#215;2, 3&#215;3, 4&#215;4, 5&#215;5) sowie einer Kurzanleitung zum l\u00f6sen. Sie zeichnen sich durch professionelle Qualit\u00e4t zum kleinen Preis aus. Die W\u00fcrfel haben lebendige Farben und bieten ein fantastisches Drehgef\u00fchl.\u00a0 Variable Pr\u00e4zision [&hellip;]","og_url":"https:\/\/www.groods.de\/index.php\/produkt\/shengshou-gem-4er-set\/","og_site_name":"gRoods","article_modified_time":"2025-11-19T21:20:48+00:00","og_image":[{"width":1000,"height":1000,"url":"https:\/\/www.groods.de\/wp-content\/uploads\/2019\/11\/Shengshou_Gem_Set_2345_9_1024.jpeg","type":"image\/jpeg"}],"twitter_card":"summary_large_image","twitter_misc":{"Gesch\u00e4tzte Lesezeit":"2\u00a0Minuten"},"schema":{"@context":"https:\/\/schema.org","@graph":[{"@type":"WebPage","@id":"https:\/\/www.groods.de\/index.php\/produkt\/shengshou-gem-4er-set\/","url":"https:\/\/www.groods.de\/index.php\/produkt\/shengshou-gem-4er-set\/","name":"Shengshou Gem 4er Set 2x2 3x3 4x4 5x5 - stickerless - gRoods","isPartOf":{"@id":"https:\/\/www.groods.de\/#website"},"primaryImageOfPage":{"@id":"https:\/\/www.groods.de\/index.php\/produkt\/shengshou-gem-4er-set\/#primaryimage"},"image":{"@id":"https:\/\/www.groods.de\/index.php\/produkt\/shengshou-gem-4er-set\/#primaryimage"},"thumbnailUrl":"https:\/\/www.groods.de\/wp-content\/uploads\/2019\/11\/Shengshou_Gem_Set_2345_9_1024.jpeg","datePublished":"2019-11-13T11:43:55+00:00","dateModified":"2025-11-19T21:20:48+00:00","breadcrumb":{"@id":"https:\/\/www.groods.de\/index.php\/produkt\/shengshou-gem-4er-set\/#breadcrumb"},"inLanguage":"de","potentialAction":[{"@type":"ReadAction","target":["https:\/\/www.groods.de\/index.php\/produkt\/shengshou-gem-4er-set\/"]}]},{"@type":"ImageObject","inLanguage":"de","@id":"https:\/\/www.groods.de\/index.php\/produkt\/shengshou-gem-4er-set\/#primaryimage","url":"https:\/\/www.groods.de\/wp-content\/uploads\/2019\/11\/Shengshou_Gem_Set_2345_9_1024.jpeg","contentUrl":"https:\/\/www.groods.de\/wp-content\/uploads\/2019\/11\/Shengshou_Gem_Set_2345_9_1024.jpeg","width":1000,"height":1000},{"@type":"BreadcrumbList","@id":"https:\/\/www.groods.de\/index.php\/produkt\/shengshou-gem-4er-set\/#breadcrumb","itemListElement":[{"@type":"ListItem","position":1,"name":"Startseite","item":"https:\/\/www.groods.de\/"},{"@type":"ListItem","position":2,"name":"Shop","item":"https:\/\/www.groods.de\/index.php\/shop\/"},{"@type":"ListItem","position":3,"name":"Shengshou Gem 4er Set 2&#215;2 3&#215;3 4&#215;4 5&#215;5 &#8211; stickerless"}]},{"@type":"WebSite","@id":"https:\/\/www.groods.de\/#website","url":"https:\/\/www.groods.de\/","name":"gRoods.de","description":"Entdecke die Welt der Speedcubes","publisher":{"@id":"https:\/\/www.groods.de\/#organization"},"potentialAction":[{"@type":"SearchAction","target":{"@type":"EntryPoint","urlTemplate":"https:\/\/www.groods.de\/?s={search_term_string}"},"query-input":{"@type":"PropertyValueSpecification","valueRequired":true,"valueName":"search_term_string"}}],"inLanguage":"de"},{"@type":"Organization","@id":"https:\/\/www.groods.de\/#organization","name":"gRoods.de","url":"https:\/\/www.groods.de\/","logo":{"@type":"ImageObject","inLanguage":"de","@id":"https:\/\/www.groods.de\/#\/schema\/logo\/image\/","url":"https:\/\/www.groods.de\/wp-content\/uploads\/2018\/08\/logo.png","contentUrl":"https:\/\/www.groods.de\/wp-content\/uploads\/2018\/08\/logo.png","width":1077,"height":373,"caption":"gRoods.de"},"image":{"@id":"https:\/\/www.groods.de\/#\/schema\/logo\/image\/"}}]}},"_links":{"self":[{"href":"https:\/\/www.groods.de\/index.php\/wp-json\/wp\/v2\/product\/2637","targetHints":{"allow":["GET"]}}],"collection":[{"href":"https:\/\/www.groods.de\/index.php\/wp-json\/wp\/v2\/product"}],"about":[{"href":"https:\/\/www.groods.de\/index.php\/wp-json\/wp\/v2\/types\/product"}],"replies":[{"embeddable":true,"href":"https:\/\/www.groods.de\/index.php\/wp-json\/wp\/v2\/comments?post=2637"}],"wp:featuredmedia":[{"embeddable":true,"href":"https:\/\/www.groods.de\/index.php\/wp-json\/wp\/v2\/media\/2701"}],"wp:attachment":[{"href":"https:\/\/www.groods.de\/index.php\/wp-json\/wp\/v2\/media?parent=2637"}],"wp:term":[{"taxonomy":"product_brand","embeddable":true,"href":"https:\/\/www.groods.de\/index.php\/wp-json\/wp\/v2\/product_brand?post=2637"},{"taxonomy":"product_cat","embeddable":true,"href":"https:\/\/www.groods.de\/index.php\/wp-json\/wp\/v2\/product_cat?post=2637"},{"taxonomy":"product_tag","embeddable":true,"href":"https:\/\/www.groods.de\/index.php\/wp-json\/wp\/v2\/product_tag?post=2637"}],"curies":[{"name":"wp","href":"https:\/\/api.w.org\/{rel}","templated":true}]}}