{"id":1930,"date":"2019-10-21T20:48:21","date_gmt":"2019-10-21T18:48:21","guid":{"rendered":"https:\/\/www.groods.de\/index.php\/produkt\/moyu-meilong-5x5-stickerless\/"},"modified":"2025-11-19T22:22:37","modified_gmt":"2025-11-19T21:22:37","slug":"moyu-meilong-5x5-stickerless","status":"publish","type":"product","link":"https:\/\/www.groods.de\/index.php\/produkt\/moyu-meilong-5x5-stickerless\/","title":{"rendered":"MoYu Meilong 5&#215;5 &#8211; stickerless"},"content":{"rendered":"<h1 class=\"md-end-block md-heading\">MoYu Meilong 5&#215;5 &#8211; stickerless<\/h1>\n<p>Der Professor&#8217;s Cube ist eine 5x5x5-Version des urspr\u00fcnglichen RBK&#8217;s Cube. Die erste Version dieses Puzzles wurde 1986 von Udo Krell erfunden, der einen 3x3x3-W\u00fcrfel nahm und ihn erweiterte.<\/p>\n<p>Wie beim RBK&#8217;s Revenge (4x4x4) wird der h\u00e4ufigste Algorithmus zum L\u00f6sen dieses 5x5x5-W\u00fcrfels als &#8222;Reduktionsmethode&#8220; bezeichnet. Konzentrieren Sie sich zun\u00e4chst auf das L\u00f6sen der 3&#215;3-Mittelst\u00fccke und der 3&#215;1-Randst\u00fccke und &#8222;reduzieren&#8220; Sie das Problem auf ein 3x3x3-Puzzle, das mit einem normalen RBK-W\u00fcrfell\u00f6sungsalgorithmus gel\u00f6st werden kann. Dieses Puzzle hat nur einen Parit\u00e4tsfall.<\/p>\n<p>Dieses Puzzle hat viele bewegliche Teile und erm\u00f6glicht so eine Vielzahl von m\u00f6glichen Permutationen. Die Anzahl der m\u00f6glichen Permutationen des 5x5x5-W\u00fcrfels liegt knapp unter 2,83&#215;1074. Der aktuelle Weltrekord f\u00fcr das L\u00f6sen liegt bei 38,52 Sekunden und wurde von Feliks Zemdegs aus Australien bei der Weltmeisterschaft 2017 aufgestellt.<\/p>\n<p><span class=\"a-list-item\">Der MoYu Meilong geh\u00f6rt zur MoYu Cubing Classroom Serie und ist die erweiterte und verbesserte Version WCA Version des MF5. Obwohl er in die Budget Cube-Kategorie f\u00e4llt, hat er eine hervorragende Leistung gegen\u00fcber anderen 5&#215;5-Einsteigermodellen. Sein Positionierungssystem l\u00e4sst den W\u00fcrfel sich glatt anf\u00fchlen und hat weniger Verriegelungen. Das Design der aufgeh\u00e4ngten Ecken erm\u00f6glicht noch mehr Stabilit\u00e4t. <\/span><span class=\"a-list-item\">Das verbesserte Corner Cutting verringert Lockups daher ist der Meilong sowohl f\u00fcr Anf\u00e4nger als auch f\u00fcr Fortgeschrittene geeignet.<\/span><\/p>\n<h3><strong data-spm-anchor-id=\"a2g0x.10010108.1000023.i0.3d0af4b4DKar3l\">Eigenschaften:<\/strong><\/h3>\n<ul>\n<li>glatte und schnelle Oberfl\u00e4che<\/li>\n<li class=\"md-end-block\">neu und Originalverpackt<\/li>\n<li class=\"md-end-block\">aus hochwertigem ABS Material, das umweltfreundlich, ungiftig und langlebig ist<\/li>\n<li class=\"md-end-block\">einfarbig im stickerless Design<\/li>\n<li class=\"md-end-block\">geschmeidige Rotation und komfortables Spielgef\u00fchl<\/li>\n<li class=\"md-end-block\">ausgezeichnete Fehlertoleranz f\u00fcr besonders schnelle Zeiten<\/li>\n<li>Viele Stunden Spa\u00df und Kopfzerbrechen mit Freunden und Familie sind garantiert<\/li>\n<\/ul>\n<h3>Spezifikationen:<\/h3>\n<ul>\n<li>Farbe: stickerless<\/li>\n<li>Material: Kunststoff<\/li>\n<li>Produkt Abmessungen: 6,2*6,2*6,2 cm<\/li>\n<li>Produkt Gewicht: 127g<\/li>\n<li>Verpackung: Karton Box<\/li>\n<\/ul>\n","protected":false},"excerpt":{"rendered":"<p>MoYu Meilong 5&#215;5 &#8211; stickerless Der Professor&#8217;s Cube ist eine 5x5x5-Version des urspr\u00fcnglichen RBK&#8217;s Cube. Die erste Version dieses Puzzles wurde 1986 von Udo Krell erfunden, der einen 3x3x3-W\u00fcrfel nahm und ihn erweiterte. Wie beim RBK&#8217;s Revenge (4x4x4) wird der h\u00e4ufigste Algorithmus zum L\u00f6sen dieses 5x5x5-W\u00fcrfels als &#8222;Reduktionsmethode&#8220; bezeichnet. Konzentrieren Sie sich zun\u00e4chst auf das [&hellip;]<\/p>\n","protected":false},"featured_media":2472,"comment_status":"open","ping_status":"closed","template":"","meta":[],"product_brand":[],"product_cat":[55,38,19],"product_tag":[],"class_list":{"0":"post-1930","1":"product","2":"type-product","3":"status-publish","4":"has-post-thumbnail","6":"product_cat-5x5","7":"product_cat-moyu","8":"product_cat-zauberwuerfel","10":"first","11":"instock","12":"taxable","13":"shipping-taxable","14":"purchasable","15":"product-type-simple"},"yoast_head":"<!-- This site is optimized with the Yoast SEO plugin v26.7 - https:\/\/yoast.com\/wordpress\/plugins\/seo\/ -->\n<title>MoYu Meilong 5x5 - stickerless - gRoods<\/title>\n<meta name=\"robots\" content=\"index, follow, max-snippet:-1, max-image-preview:large, max-video-preview:-1\" \/>\n<link rel=\"canonical\" href=\"https:\/\/www.groods.de\/index.php\/produkt\/moyu-meilong-5x5-stickerless\/\" \/>\n<meta property=\"og:locale\" content=\"de_DE\" \/>\n<meta property=\"og:type\" content=\"article\" \/>\n<meta property=\"og:title\" content=\"MoYu Meilong 5x5 - stickerless - gRoods\" \/>\n<meta property=\"og:description\" content=\"MoYu Meilong 5&#215;5 &#8211; stickerless Der Professor&#8217;s Cube ist eine 5x5x5-Version des urspr\u00fcnglichen RBK&#8217;s Cube. Die erste Version dieses Puzzles wurde 1986 von Udo Krell erfunden, der einen 3x3x3-W\u00fcrfel nahm und ihn erweiterte. Wie beim RBK&#8217;s Revenge (4x4x4) wird der h\u00e4ufigste Algorithmus zum L\u00f6sen dieses 5x5x5-W\u00fcrfels als &#8222;Reduktionsmethode&#8220; bezeichnet. Konzentrieren Sie sich zun\u00e4chst auf das [&hellip;]\" \/>\n<meta property=\"og:url\" content=\"https:\/\/www.groods.de\/index.php\/produkt\/moyu-meilong-5x5-stickerless\/\" \/>\n<meta property=\"og:site_name\" content=\"gRoods\" \/>\n<meta property=\"article:modified_time\" content=\"2025-11-19T21:22:37+00:00\" \/>\n<meta property=\"og:image\" content=\"https:\/\/www.groods.de\/wp-content\/uploads\/2019\/10\/MoYu-Meilong-5x5-stickerless-1.jpg\" \/>\n\t<meta property=\"og:image:width\" content=\"896\" \/>\n\t<meta property=\"og:image:height\" content=\"896\" \/>\n\t<meta property=\"og:image:type\" content=\"image\/jpeg\" \/>\n<meta name=\"twitter:card\" content=\"summary_large_image\" \/>\n<meta name=\"twitter:label1\" content=\"Gesch\u00e4tzte Lesezeit\" \/>\n\t<meta name=\"twitter:data1\" content=\"2\u00a0Minuten\" \/>\n<script type=\"application\/ld+json\" class=\"yoast-schema-graph\">{\"@context\":\"https:\/\/schema.org\",\"@graph\":[{\"@type\":\"WebPage\",\"@id\":\"https:\/\/www.groods.de\/index.php\/produkt\/moyu-meilong-5x5-stickerless\/\",\"url\":\"https:\/\/www.groods.de\/index.php\/produkt\/moyu-meilong-5x5-stickerless\/\",\"name\":\"MoYu Meilong 5x5 - stickerless - gRoods\",\"isPartOf\":{\"@id\":\"https:\/\/www.groods.de\/#website\"},\"primaryImageOfPage\":{\"@id\":\"https:\/\/www.groods.de\/index.php\/produkt\/moyu-meilong-5x5-stickerless\/#primaryimage\"},\"image\":{\"@id\":\"https:\/\/www.groods.de\/index.php\/produkt\/moyu-meilong-5x5-stickerless\/#primaryimage\"},\"thumbnailUrl\":\"https:\/\/www.groods.de\/wp-content\/uploads\/2019\/10\/MoYu-Meilong-5x5-stickerless-1.jpg\",\"datePublished\":\"2019-10-21T18:48:21+00:00\",\"dateModified\":\"2025-11-19T21:22:37+00:00\",\"breadcrumb\":{\"@id\":\"https:\/\/www.groods.de\/index.php\/produkt\/moyu-meilong-5x5-stickerless\/#breadcrumb\"},\"inLanguage\":\"de\",\"potentialAction\":[{\"@type\":\"ReadAction\",\"target\":[\"https:\/\/www.groods.de\/index.php\/produkt\/moyu-meilong-5x5-stickerless\/\"]}]},{\"@type\":\"ImageObject\",\"inLanguage\":\"de\",\"@id\":\"https:\/\/www.groods.de\/index.php\/produkt\/moyu-meilong-5x5-stickerless\/#primaryimage\",\"url\":\"https:\/\/www.groods.de\/wp-content\/uploads\/2019\/10\/MoYu-Meilong-5x5-stickerless-1.jpg\",\"contentUrl\":\"https:\/\/www.groods.de\/wp-content\/uploads\/2019\/10\/MoYu-Meilong-5x5-stickerless-1.jpg\",\"width\":896,\"height\":896},{\"@type\":\"BreadcrumbList\",\"@id\":\"https:\/\/www.groods.de\/index.php\/produkt\/moyu-meilong-5x5-stickerless\/#breadcrumb\",\"itemListElement\":[{\"@type\":\"ListItem\",\"position\":1,\"name\":\"Startseite\",\"item\":\"https:\/\/www.groods.de\/\"},{\"@type\":\"ListItem\",\"position\":2,\"name\":\"Shop\",\"item\":\"https:\/\/www.groods.de\/index.php\/shop\/\"},{\"@type\":\"ListItem\",\"position\":3,\"name\":\"MoYu Meilong 5&#215;5 &#8211; stickerless\"}]},{\"@type\":\"WebSite\",\"@id\":\"https:\/\/www.groods.de\/#website\",\"url\":\"https:\/\/www.groods.de\/\",\"name\":\"gRoods.de\",\"description\":\"Entdecke die Welt der Speedcubes\",\"publisher\":{\"@id\":\"https:\/\/www.groods.de\/#organization\"},\"potentialAction\":[{\"@type\":\"SearchAction\",\"target\":{\"@type\":\"EntryPoint\",\"urlTemplate\":\"https:\/\/www.groods.de\/?s={search_term_string}\"},\"query-input\":{\"@type\":\"PropertyValueSpecification\",\"valueRequired\":true,\"valueName\":\"search_term_string\"}}],\"inLanguage\":\"de\"},{\"@type\":\"Organization\",\"@id\":\"https:\/\/www.groods.de\/#organization\",\"name\":\"gRoods.de\",\"url\":\"https:\/\/www.groods.de\/\",\"logo\":{\"@type\":\"ImageObject\",\"inLanguage\":\"de\",\"@id\":\"https:\/\/www.groods.de\/#\/schema\/logo\/image\/\",\"url\":\"https:\/\/www.groods.de\/wp-content\/uploads\/2018\/08\/logo.png\",\"contentUrl\":\"https:\/\/www.groods.de\/wp-content\/uploads\/2018\/08\/logo.png\",\"width\":1077,\"height\":373,\"caption\":\"gRoods.de\"},\"image\":{\"@id\":\"https:\/\/www.groods.de\/#\/schema\/logo\/image\/\"}}]}<\/script>\n<!-- \/ Yoast SEO plugin. -->","yoast_head_json":{"title":"MoYu Meilong 5x5 - stickerless - gRoods","robots":{"index":"index","follow":"follow","max-snippet":"max-snippet:-1","max-image-preview":"max-image-preview:large","max-video-preview":"max-video-preview:-1"},"canonical":"https:\/\/www.groods.de\/index.php\/produkt\/moyu-meilong-5x5-stickerless\/","og_locale":"de_DE","og_type":"article","og_title":"MoYu Meilong 5x5 - stickerless - gRoods","og_description":"MoYu Meilong 5&#215;5 &#8211; stickerless Der Professor&#8217;s Cube ist eine 5x5x5-Version des urspr\u00fcnglichen RBK&#8217;s Cube. Die erste Version dieses Puzzles wurde 1986 von Udo Krell erfunden, der einen 3x3x3-W\u00fcrfel nahm und ihn erweiterte. Wie beim RBK&#8217;s Revenge (4x4x4) wird der h\u00e4ufigste Algorithmus zum L\u00f6sen dieses 5x5x5-W\u00fcrfels als &#8222;Reduktionsmethode&#8220; bezeichnet. Konzentrieren Sie sich zun\u00e4chst auf das [&hellip;]","og_url":"https:\/\/www.groods.de\/index.php\/produkt\/moyu-meilong-5x5-stickerless\/","og_site_name":"gRoods","article_modified_time":"2025-11-19T21:22:37+00:00","og_image":[{"width":896,"height":896,"url":"https:\/\/www.groods.de\/wp-content\/uploads\/2019\/10\/MoYu-Meilong-5x5-stickerless-1.jpg","type":"image\/jpeg"}],"twitter_card":"summary_large_image","twitter_misc":{"Gesch\u00e4tzte Lesezeit":"2\u00a0Minuten"},"schema":{"@context":"https:\/\/schema.org","@graph":[{"@type":"WebPage","@id":"https:\/\/www.groods.de\/index.php\/produkt\/moyu-meilong-5x5-stickerless\/","url":"https:\/\/www.groods.de\/index.php\/produkt\/moyu-meilong-5x5-stickerless\/","name":"MoYu Meilong 5x5 - stickerless - gRoods","isPartOf":{"@id":"https:\/\/www.groods.de\/#website"},"primaryImageOfPage":{"@id":"https:\/\/www.groods.de\/index.php\/produkt\/moyu-meilong-5x5-stickerless\/#primaryimage"},"image":{"@id":"https:\/\/www.groods.de\/index.php\/produkt\/moyu-meilong-5x5-stickerless\/#primaryimage"},"thumbnailUrl":"https:\/\/www.groods.de\/wp-content\/uploads\/2019\/10\/MoYu-Meilong-5x5-stickerless-1.jpg","datePublished":"2019-10-21T18:48:21+00:00","dateModified":"2025-11-19T21:22:37+00:00","breadcrumb":{"@id":"https:\/\/www.groods.de\/index.php\/produkt\/moyu-meilong-5x5-stickerless\/#breadcrumb"},"inLanguage":"de","potentialAction":[{"@type":"ReadAction","target":["https:\/\/www.groods.de\/index.php\/produkt\/moyu-meilong-5x5-stickerless\/"]}]},{"@type":"ImageObject","inLanguage":"de","@id":"https:\/\/www.groods.de\/index.php\/produkt\/moyu-meilong-5x5-stickerless\/#primaryimage","url":"https:\/\/www.groods.de\/wp-content\/uploads\/2019\/10\/MoYu-Meilong-5x5-stickerless-1.jpg","contentUrl":"https:\/\/www.groods.de\/wp-content\/uploads\/2019\/10\/MoYu-Meilong-5x5-stickerless-1.jpg","width":896,"height":896},{"@type":"BreadcrumbList","@id":"https:\/\/www.groods.de\/index.php\/produkt\/moyu-meilong-5x5-stickerless\/#breadcrumb","itemListElement":[{"@type":"ListItem","position":1,"name":"Startseite","item":"https:\/\/www.groods.de\/"},{"@type":"ListItem","position":2,"name":"Shop","item":"https:\/\/www.groods.de\/index.php\/shop\/"},{"@type":"ListItem","position":3,"name":"MoYu Meilong 5&#215;5 &#8211; stickerless"}]},{"@type":"WebSite","@id":"https:\/\/www.groods.de\/#website","url":"https:\/\/www.groods.de\/","name":"gRoods.de","description":"Entdecke die Welt der Speedcubes","publisher":{"@id":"https:\/\/www.groods.de\/#organization"},"potentialAction":[{"@type":"SearchAction","target":{"@type":"EntryPoint","urlTemplate":"https:\/\/www.groods.de\/?s={search_term_string}"},"query-input":{"@type":"PropertyValueSpecification","valueRequired":true,"valueName":"search_term_string"}}],"inLanguage":"de"},{"@type":"Organization","@id":"https:\/\/www.groods.de\/#organization","name":"gRoods.de","url":"https:\/\/www.groods.de\/","logo":{"@type":"ImageObject","inLanguage":"de","@id":"https:\/\/www.groods.de\/#\/schema\/logo\/image\/","url":"https:\/\/www.groods.de\/wp-content\/uploads\/2018\/08\/logo.png","contentUrl":"https:\/\/www.groods.de\/wp-content\/uploads\/2018\/08\/logo.png","width":1077,"height":373,"caption":"gRoods.de"},"image":{"@id":"https:\/\/www.groods.de\/#\/schema\/logo\/image\/"}}]}},"_links":{"self":[{"href":"https:\/\/www.groods.de\/index.php\/wp-json\/wp\/v2\/product\/1930","targetHints":{"allow":["GET"]}}],"collection":[{"href":"https:\/\/www.groods.de\/index.php\/wp-json\/wp\/v2\/product"}],"about":[{"href":"https:\/\/www.groods.de\/index.php\/wp-json\/wp\/v2\/types\/product"}],"replies":[{"embeddable":true,"href":"https:\/\/www.groods.de\/index.php\/wp-json\/wp\/v2\/comments?post=1930"}],"wp:featuredmedia":[{"embeddable":true,"href":"https:\/\/www.groods.de\/index.php\/wp-json\/wp\/v2\/media\/2472"}],"wp:attachment":[{"href":"https:\/\/www.groods.de\/index.php\/wp-json\/wp\/v2\/media?parent=1930"}],"wp:term":[{"taxonomy":"product_brand","embeddable":true,"href":"https:\/\/www.groods.de\/index.php\/wp-json\/wp\/v2\/product_brand?post=1930"},{"taxonomy":"product_cat","embeddable":true,"href":"https:\/\/www.groods.de\/index.php\/wp-json\/wp\/v2\/product_cat?post=1930"},{"taxonomy":"product_tag","embeddable":true,"href":"https:\/\/www.groods.de\/index.php\/wp-json\/wp\/v2\/product_tag?post=1930"}],"curies":[{"name":"wp","href":"https:\/\/api.w.org\/{rel}","templated":true}]}}