{"id":1366,"date":"2019-03-05T00:44:43","date_gmt":"2019-03-04T23:44:43","guid":{"rendered":"https:\/\/www.groods.de\/?post_type=product&#038;p=1366"},"modified":"2025-11-19T22:17:49","modified_gmt":"2025-11-19T21:17:49","slug":"qiyi-4er-speedcube-set-2x2-3x3-4x4-5x5-schwarz","status":"publish","type":"product","link":"https:\/\/www.groods.de\/index.php\/produkt\/qiyi-4er-speedcube-set-2x2-3x3-4x4-5x5-schwarz\/","title":{"rendered":"QiYi 4er Speedcube Set 2&#215;2, 3&#215;3, 4&#215;4, 5&#215;5 &#8211; schwarz"},"content":{"rendered":"<h1>QiYi 4er Speedcube Set 2&#215;2, 3&#215;3, 4&#215;4, 5&#215;5 &#8211; schwarz<\/h1>\n<h3 class=\"md-end-block md-heading\"><span class=\"\">Zauberw\u00fcrfel Bundle mit 4 verschiedenen W\u00fcrfeln<\/span><\/h3>\n<p>Das Geschenkset von YuXin besteht aus 4 W\u00fcrfeln (2&#215;2, 3&#215;3, 4&#215;4, 5&#215;5) sowie einer Kurzanleitung zum l\u00f6sen. <span class=\"\">Sie zeichnen sich durch professionelle Qualit\u00e4t zum kleinen Preis aus. Die W\u00fcrfel haben lebendige Farben und bieten ein fantastisches Drehgef\u00fchl.\u00a0<\/span><\/p>\n<h3 class=\"md-end-block md-heading\">Variable Pr\u00e4zision<\/h3>\n<p class=\"md-end-block\"><span class=\"\">Das Federgetriebe garantiert einen geschmeidigen und leichtg\u00e4ngigen Bewegungslauf. Mit Hilfe der pr\u00e4zisen Mechanik drehen die Cubes von Haus aus sehr gut, sodass sie im Originalzustand bereits einen wettbewerbsf\u00e4higen W\u00fcrfel erhalten. Sie k\u00f6nnen durch Feintuning (anziehen bzw. lockern der versteckten Schrauben) die Festigkeit, Drehbarkeit und Haptik beeinflussen und auf Ihre pers\u00f6nlichen Vorlieben anpassen. Ideal f\u00fcr Anf\u00e4nger und und Fortgeschrittene.<\/span><\/p>\n<h3 class=\"md-end-block md-heading\">Geschenkidee und sportliche Herausforderung f\u00fcr Ihr Gehirn<\/h3>\n<p class=\"md-end-block\">Der Zauberw\u00fcrfel verbessert nachweislich die Konzentrationsf\u00e4higkeit und erh\u00f6ht langfristig die geistige Fitness. Zauberw\u00fcrfel sind das optimale Geschenk f\u00fcr Jung und Alt. Egal ob als Freizeitaktivit\u00e4t im Urlaub oder auf Reisen oder als Konzentrations\u00fcbung im B\u00fcro. Die W\u00fcrfel helfen beim Abschalten und Entspannen. Wer es einmal probiert hat, der wei\u00df, dass man alles um sich herum vergisst. Zum Stressabbau und zur Entspannung ist er eine super Alternative zum Smartphone.<\/p>\n<h3 class=\"md-end-block md-heading\">Schnell und leicht<\/h3>\n<p class=\"md-end-block\"><span class=\"\">Die Speedcubes liegen unglaublich gut in der Hand. Das Gewicht ist angenehm leicht, sie sind sehr griffig und schnell in der Bewegung.\u00a0<\/span><\/p>\n<p class=\"md-end-block\">Der hochwertiger ABS-Kunststoff aus dem der W\u00fcrfel gefertigt ist, ist ungiftig, riecht nicht und kann leicht gereinigt werden und verhindert statische Aufladung in der Bewegung.<\/p>\n<h3 class=\"md-end-block md-heading\">Warnhinweis<\/h3>\n<p class=\"md-end-block\">Achtung, Erstickungsgefahr! Der magische W\u00fcrfel besteht aus Kleinteilen, die sich evtl. l\u00f6sen k\u00f6nnen, daher ist er nicht f\u00fcr Kinder unter 3 Jahren geeignet!<\/p>\n","protected":false},"excerpt":{"rendered":"<p>Sch\u00f6nes Set mit 4 Cubes. Lange Knobelstunden garantiert!<\/p>\n","protected":false},"featured_media":1367,"comment_status":"open","ping_status":"closed","template":"","meta":[],"product_brand":[],"product_cat":[52,53,54,55,49,60,19],"product_tag":[68,69,70,71,64,66,67,63,62,65,61],"class_list":{"0":"post-1366","1":"product","2":"type-product","3":"status-publish","4":"has-post-thumbnail","6":"product_cat-2x2","7":"product_cat-3x3","8":"product_cat-4x4","9":"product_cat-5x5","10":"product_cat-qi-yi","11":"product_cat-sets","12":"product_cat-zauberwuerfel","13":"product_tag-2x2","14":"product_tag-3x3","15":"product_tag-4x4","16":"product_tag-5x5","17":"product_tag-cube","18":"product_tag-kaufen","19":"product_tag-qiyi","20":"product_tag-rubiks","21":"product_tag-speedcube","22":"product_tag-wuerfel","23":"product_tag-zauberwuerfel","25":"first","26":"instock","27":"taxable","28":"shipping-taxable","29":"purchasable","30":"product-type-simple"},"yoast_head":"<!-- This site is optimized with the Yoast SEO plugin v26.7 - https:\/\/yoast.com\/wordpress\/plugins\/seo\/ -->\n<title>QiYi 4er Speedcube Set 2x2, 3x3, 4x4, 5x5 - schwarz - gRoods<\/title>\n<meta name=\"robots\" content=\"index, follow, max-snippet:-1, max-image-preview:large, max-video-preview:-1\" \/>\n<link rel=\"canonical\" href=\"https:\/\/www.groods.de\/index.php\/produkt\/qiyi-4er-speedcube-set-2x2-3x3-4x4-5x5-schwarz\/\" \/>\n<meta property=\"og:locale\" content=\"de_DE\" \/>\n<meta property=\"og:type\" content=\"article\" \/>\n<meta property=\"og:title\" content=\"QiYi 4er Speedcube Set 2x2, 3x3, 4x4, 5x5 - schwarz - gRoods\" \/>\n<meta property=\"og:description\" content=\"Sch\u00f6nes Set mit 4 Cubes. Lange Knobelstunden garantiert!\" \/>\n<meta property=\"og:url\" content=\"https:\/\/www.groods.de\/index.php\/produkt\/qiyi-4er-speedcube-set-2x2-3x3-4x4-5x5-schwarz\/\" \/>\n<meta property=\"og:site_name\" content=\"gRoods\" \/>\n<meta property=\"article:modified_time\" content=\"2025-11-19T21:17:49+00:00\" \/>\n<meta property=\"og:image\" content=\"https:\/\/www.groods.de\/wp-content\/uploads\/2019\/03\/QiYi_2345_Set_black_14_1024.jpeg\" \/>\n\t<meta property=\"og:image:width\" content=\"1024\" \/>\n\t<meta property=\"og:image:height\" content=\"1024\" \/>\n\t<meta property=\"og:image:type\" content=\"image\/jpeg\" \/>\n<meta name=\"twitter:card\" content=\"summary_large_image\" \/>\n<meta name=\"twitter:label1\" content=\"Gesch\u00e4tzte Lesezeit\" \/>\n\t<meta name=\"twitter:data1\" content=\"2\u00a0Minuten\" \/>\n<script type=\"application\/ld+json\" class=\"yoast-schema-graph\">{\"@context\":\"https:\/\/schema.org\",\"@graph\":[{\"@type\":\"WebPage\",\"@id\":\"https:\/\/www.groods.de\/index.php\/produkt\/qiyi-4er-speedcube-set-2x2-3x3-4x4-5x5-schwarz\/\",\"url\":\"https:\/\/www.groods.de\/index.php\/produkt\/qiyi-4er-speedcube-set-2x2-3x3-4x4-5x5-schwarz\/\",\"name\":\"QiYi 4er Speedcube Set 2x2, 3x3, 4x4, 5x5 - schwarz - gRoods\",\"isPartOf\":{\"@id\":\"https:\/\/www.groods.de\/#website\"},\"primaryImageOfPage\":{\"@id\":\"https:\/\/www.groods.de\/index.php\/produkt\/qiyi-4er-speedcube-set-2x2-3x3-4x4-5x5-schwarz\/#primaryimage\"},\"image\":{\"@id\":\"https:\/\/www.groods.de\/index.php\/produkt\/qiyi-4er-speedcube-set-2x2-3x3-4x4-5x5-schwarz\/#primaryimage\"},\"thumbnailUrl\":\"https:\/\/www.groods.de\/wp-content\/uploads\/2019\/03\/QiYi_2345_Set_black_14_1024.jpeg\",\"datePublished\":\"2019-03-04T23:44:43+00:00\",\"dateModified\":\"2025-11-19T21:17:49+00:00\",\"breadcrumb\":{\"@id\":\"https:\/\/www.groods.de\/index.php\/produkt\/qiyi-4er-speedcube-set-2x2-3x3-4x4-5x5-schwarz\/#breadcrumb\"},\"inLanguage\":\"de\",\"potentialAction\":[{\"@type\":\"ReadAction\",\"target\":[\"https:\/\/www.groods.de\/index.php\/produkt\/qiyi-4er-speedcube-set-2x2-3x3-4x4-5x5-schwarz\/\"]}]},{\"@type\":\"ImageObject\",\"inLanguage\":\"de\",\"@id\":\"https:\/\/www.groods.de\/index.php\/produkt\/qiyi-4er-speedcube-set-2x2-3x3-4x4-5x5-schwarz\/#primaryimage\",\"url\":\"https:\/\/www.groods.de\/wp-content\/uploads\/2019\/03\/QiYi_2345_Set_black_14_1024.jpeg\",\"contentUrl\":\"https:\/\/www.groods.de\/wp-content\/uploads\/2019\/03\/QiYi_2345_Set_black_14_1024.jpeg\",\"width\":1024,\"height\":1024},{\"@type\":\"BreadcrumbList\",\"@id\":\"https:\/\/www.groods.de\/index.php\/produkt\/qiyi-4er-speedcube-set-2x2-3x3-4x4-5x5-schwarz\/#breadcrumb\",\"itemListElement\":[{\"@type\":\"ListItem\",\"position\":1,\"name\":\"Startseite\",\"item\":\"https:\/\/www.groods.de\/\"},{\"@type\":\"ListItem\",\"position\":2,\"name\":\"Shop\",\"item\":\"https:\/\/www.groods.de\/index.php\/shop\/\"},{\"@type\":\"ListItem\",\"position\":3,\"name\":\"QiYi 4er Speedcube Set 2&#215;2, 3&#215;3, 4&#215;4, 5&#215;5 &#8211; schwarz\"}]},{\"@type\":\"WebSite\",\"@id\":\"https:\/\/www.groods.de\/#website\",\"url\":\"https:\/\/www.groods.de\/\",\"name\":\"gRoods.de\",\"description\":\"Entdecke die Welt der Speedcubes\",\"publisher\":{\"@id\":\"https:\/\/www.groods.de\/#organization\"},\"potentialAction\":[{\"@type\":\"SearchAction\",\"target\":{\"@type\":\"EntryPoint\",\"urlTemplate\":\"https:\/\/www.groods.de\/?s={search_term_string}\"},\"query-input\":{\"@type\":\"PropertyValueSpecification\",\"valueRequired\":true,\"valueName\":\"search_term_string\"}}],\"inLanguage\":\"de\"},{\"@type\":\"Organization\",\"@id\":\"https:\/\/www.groods.de\/#organization\",\"name\":\"gRoods.de\",\"url\":\"https:\/\/www.groods.de\/\",\"logo\":{\"@type\":\"ImageObject\",\"inLanguage\":\"de\",\"@id\":\"https:\/\/www.groods.de\/#\/schema\/logo\/image\/\",\"url\":\"https:\/\/www.groods.de\/wp-content\/uploads\/2018\/08\/logo.png\",\"contentUrl\":\"https:\/\/www.groods.de\/wp-content\/uploads\/2018\/08\/logo.png\",\"width\":1077,\"height\":373,\"caption\":\"gRoods.de\"},\"image\":{\"@id\":\"https:\/\/www.groods.de\/#\/schema\/logo\/image\/\"}}]}<\/script>\n<!-- \/ Yoast SEO plugin. -->","yoast_head_json":{"title":"QiYi 4er Speedcube Set 2x2, 3x3, 4x4, 5x5 - schwarz - gRoods","robots":{"index":"index","follow":"follow","max-snippet":"max-snippet:-1","max-image-preview":"max-image-preview:large","max-video-preview":"max-video-preview:-1"},"canonical":"https:\/\/www.groods.de\/index.php\/produkt\/qiyi-4er-speedcube-set-2x2-3x3-4x4-5x5-schwarz\/","og_locale":"de_DE","og_type":"article","og_title":"QiYi 4er Speedcube Set 2x2, 3x3, 4x4, 5x5 - schwarz - gRoods","og_description":"Sch\u00f6nes Set mit 4 Cubes. Lange Knobelstunden garantiert!","og_url":"https:\/\/www.groods.de\/index.php\/produkt\/qiyi-4er-speedcube-set-2x2-3x3-4x4-5x5-schwarz\/","og_site_name":"gRoods","article_modified_time":"2025-11-19T21:17:49+00:00","og_image":[{"width":1024,"height":1024,"url":"https:\/\/www.groods.de\/wp-content\/uploads\/2019\/03\/QiYi_2345_Set_black_14_1024.jpeg","type":"image\/jpeg"}],"twitter_card":"summary_large_image","twitter_misc":{"Gesch\u00e4tzte Lesezeit":"2\u00a0Minuten"},"schema":{"@context":"https:\/\/schema.org","@graph":[{"@type":"WebPage","@id":"https:\/\/www.groods.de\/index.php\/produkt\/qiyi-4er-speedcube-set-2x2-3x3-4x4-5x5-schwarz\/","url":"https:\/\/www.groods.de\/index.php\/produkt\/qiyi-4er-speedcube-set-2x2-3x3-4x4-5x5-schwarz\/","name":"QiYi 4er Speedcube Set 2x2, 3x3, 4x4, 5x5 - schwarz - gRoods","isPartOf":{"@id":"https:\/\/www.groods.de\/#website"},"primaryImageOfPage":{"@id":"https:\/\/www.groods.de\/index.php\/produkt\/qiyi-4er-speedcube-set-2x2-3x3-4x4-5x5-schwarz\/#primaryimage"},"image":{"@id":"https:\/\/www.groods.de\/index.php\/produkt\/qiyi-4er-speedcube-set-2x2-3x3-4x4-5x5-schwarz\/#primaryimage"},"thumbnailUrl":"https:\/\/www.groods.de\/wp-content\/uploads\/2019\/03\/QiYi_2345_Set_black_14_1024.jpeg","datePublished":"2019-03-04T23:44:43+00:00","dateModified":"2025-11-19T21:17:49+00:00","breadcrumb":{"@id":"https:\/\/www.groods.de\/index.php\/produkt\/qiyi-4er-speedcube-set-2x2-3x3-4x4-5x5-schwarz\/#breadcrumb"},"inLanguage":"de","potentialAction":[{"@type":"ReadAction","target":["https:\/\/www.groods.de\/index.php\/produkt\/qiyi-4er-speedcube-set-2x2-3x3-4x4-5x5-schwarz\/"]}]},{"@type":"ImageObject","inLanguage":"de","@id":"https:\/\/www.groods.de\/index.php\/produkt\/qiyi-4er-speedcube-set-2x2-3x3-4x4-5x5-schwarz\/#primaryimage","url":"https:\/\/www.groods.de\/wp-content\/uploads\/2019\/03\/QiYi_2345_Set_black_14_1024.jpeg","contentUrl":"https:\/\/www.groods.de\/wp-content\/uploads\/2019\/03\/QiYi_2345_Set_black_14_1024.jpeg","width":1024,"height":1024},{"@type":"BreadcrumbList","@id":"https:\/\/www.groods.de\/index.php\/produkt\/qiyi-4er-speedcube-set-2x2-3x3-4x4-5x5-schwarz\/#breadcrumb","itemListElement":[{"@type":"ListItem","position":1,"name":"Startseite","item":"https:\/\/www.groods.de\/"},{"@type":"ListItem","position":2,"name":"Shop","item":"https:\/\/www.groods.de\/index.php\/shop\/"},{"@type":"ListItem","position":3,"name":"QiYi 4er Speedcube Set 2&#215;2, 3&#215;3, 4&#215;4, 5&#215;5 &#8211; schwarz"}]},{"@type":"WebSite","@id":"https:\/\/www.groods.de\/#website","url":"https:\/\/www.groods.de\/","name":"gRoods.de","description":"Entdecke die Welt der Speedcubes","publisher":{"@id":"https:\/\/www.groods.de\/#organization"},"potentialAction":[{"@type":"SearchAction","target":{"@type":"EntryPoint","urlTemplate":"https:\/\/www.groods.de\/?s={search_term_string}"},"query-input":{"@type":"PropertyValueSpecification","valueRequired":true,"valueName":"search_term_string"}}],"inLanguage":"de"},{"@type":"Organization","@id":"https:\/\/www.groods.de\/#organization","name":"gRoods.de","url":"https:\/\/www.groods.de\/","logo":{"@type":"ImageObject","inLanguage":"de","@id":"https:\/\/www.groods.de\/#\/schema\/logo\/image\/","url":"https:\/\/www.groods.de\/wp-content\/uploads\/2018\/08\/logo.png","contentUrl":"https:\/\/www.groods.de\/wp-content\/uploads\/2018\/08\/logo.png","width":1077,"height":373,"caption":"gRoods.de"},"image":{"@id":"https:\/\/www.groods.de\/#\/schema\/logo\/image\/"}}]}},"_links":{"self":[{"href":"https:\/\/www.groods.de\/index.php\/wp-json\/wp\/v2\/product\/1366","targetHints":{"allow":["GET"]}}],"collection":[{"href":"https:\/\/www.groods.de\/index.php\/wp-json\/wp\/v2\/product"}],"about":[{"href":"https:\/\/www.groods.de\/index.php\/wp-json\/wp\/v2\/types\/product"}],"replies":[{"embeddable":true,"href":"https:\/\/www.groods.de\/index.php\/wp-json\/wp\/v2\/comments?post=1366"}],"wp:featuredmedia":[{"embeddable":true,"href":"https:\/\/www.groods.de\/index.php\/wp-json\/wp\/v2\/media\/1367"}],"wp:attachment":[{"href":"https:\/\/www.groods.de\/index.php\/wp-json\/wp\/v2\/media?parent=1366"}],"wp:term":[{"taxonomy":"product_brand","embeddable":true,"href":"https:\/\/www.groods.de\/index.php\/wp-json\/wp\/v2\/product_brand?post=1366"},{"taxonomy":"product_cat","embeddable":true,"href":"https:\/\/www.groods.de\/index.php\/wp-json\/wp\/v2\/product_cat?post=1366"},{"taxonomy":"product_tag","embeddable":true,"href":"https:\/\/www.groods.de\/index.php\/wp-json\/wp\/v2\/product_tag?post=1366"}],"curies":[{"name":"wp","href":"https:\/\/api.w.org\/{rel}","templated":true}]}}