{"id":12495,"date":"2025-12-11T00:08:46","date_gmt":"2025-12-10T23:08:46","guid":{"rendered":"https:\/\/www.groods.de\/index.php\/produkt\/apple-watch-sportarmband-silikon-nike-2\/"},"modified":"2025-12-11T00:12:53","modified_gmt":"2025-12-10T23:12:53","slug":"apple-watch-sportarmband-silikon-nike-2","status":"publish","type":"product","link":"https:\/\/www.groods.de\/index.php\/produkt\/apple-watch-sportarmband-silikon-nike-2\/","title":{"rendered":"Apple Watch &#8211; Sportarmband Silikon Nike"},"content":{"rendered":"<p>Gefertigt ist unser Armband mit formgepressten Perforationen f\u00fcr eine bessere Bel\u00fcftung. Dies macht das Nike Sportarmband widerstandsf\u00e4hig, robust und dabei erstaunlich weich. Es enth\u00e4lt bunte Flocken, die ein zuf\u00e4lliges und einmaliges Muster ergeben. Das macht jedes Armband zu einem Unikat, dass nur Du besitzt. Das weiche, dichte Material legt sich elegant um dein Handgelenk und f\u00fchlt sich gut auf der Haut an. Der Pin\u2011Verschluss aus Aluminium gibt dem Armband ein beeindruckendes Finish.<\/p>\n<p>Dieses Armband und die Flocken bestehen zu einem Teil aus recycelten Fluorelastomer. So leisten wir mit dem Armband einen kleinen Beitrag zur Nachhaltigkeit.<\/p>\n<p>Material: Fluorelastomer, recyceltes Fluorelastomer, Aluminium<\/p>\n","protected":false},"excerpt":{"rendered":"<p>Gefertigt ist unser Armband mit formgepressten Perforationen f\u00fcr eine bessere Bel\u00fcftung. Dies macht das Nike Sportarmband widerstandsf\u00e4hig, robust und dabei erstaunlich weich. Es enth\u00e4lt bunte Flocken, die ein zuf\u00e4lliges und einmaliges Muster ergeben. Das macht jedes Armband zu einem Unikat, dass nur Du besitzt. Das weiche, dichte Material legt sich elegant um dein Handgelenk und [&hellip;]<\/p>\n","protected":false},"featured_media":12494,"comment_status":"open","ping_status":"closed","template":"","meta":[],"product_brand":[],"product_cat":[128,164,154],"product_tag":[],"class_list":{"0":"post-12495","1":"product","2":"type-product","3":"status-publish","4":"has-post-thumbnail","6":"product_cat-armbaender","7":"product_cat-sportarmband-silikon-nike-2nd-gen","8":"product_cat-xiaomi","10":"first","11":"instock","12":"taxable","13":"shipping-taxable","14":"purchasable","15":"product-type-variable"},"yoast_head":"<!-- This site is optimized with the Yoast SEO plugin v26.7 - https:\/\/yoast.com\/wordpress\/plugins\/seo\/ -->\n<title>Apple Watch - Sportarmband Silikon Nike - gRoods<\/title>\n<meta name=\"robots\" content=\"index, follow, max-snippet:-1, max-image-preview:large, max-video-preview:-1\" \/>\n<link rel=\"canonical\" href=\"https:\/\/www.groods.de\/index.php\/produkt\/apple-watch-sportarmband-silikon-nike-2\/\" \/>\n<meta property=\"og:locale\" content=\"de_DE\" \/>\n<meta property=\"og:type\" content=\"article\" \/>\n<meta property=\"og:title\" content=\"Apple Watch - Sportarmband Silikon Nike - gRoods\" \/>\n<meta property=\"og:description\" content=\"Gefertigt ist unser Armband mit formgepressten Perforationen f\u00fcr eine bessere Bel\u00fcftung. Dies macht das Nike Sportarmband widerstandsf\u00e4hig, robust und dabei erstaunlich weich. Es enth\u00e4lt bunte Flocken, die ein zuf\u00e4lliges und einmaliges Muster ergeben. Das macht jedes Armband zu einem Unikat, dass nur Du besitzt. Das weiche, dichte Material legt sich elegant um dein Handgelenk und [&hellip;]\" \/>\n<meta property=\"og:url\" content=\"https:\/\/www.groods.de\/index.php\/produkt\/apple-watch-sportarmband-silikon-nike-2\/\" \/>\n<meta property=\"og:site_name\" content=\"gRoods\" \/>\n<meta property=\"article:modified_time\" content=\"2025-12-10T23:12:53+00:00\" \/>\n<meta property=\"og:image\" content=\"https:\/\/www.groods.de\/wp-content\/uploads\/2025\/12\/AWSPLSN2-Nike20Sportarmabnd20Colors.jpg\" \/>\n\t<meta property=\"og:image:width\" content=\"1000\" \/>\n\t<meta property=\"og:image:height\" content=\"1000\" \/>\n\t<meta property=\"og:image:type\" content=\"image\/jpeg\" \/>\n<meta name=\"twitter:card\" content=\"summary_large_image\" \/>\n<meta name=\"twitter:label1\" content=\"Gesch\u00e4tzte Lesezeit\" \/>\n\t<meta name=\"twitter:data1\" content=\"1\u00a0Minute\" \/>\n<script type=\"application\/ld+json\" class=\"yoast-schema-graph\">{\"@context\":\"https:\/\/schema.org\",\"@graph\":[{\"@type\":\"WebPage\",\"@id\":\"https:\/\/www.groods.de\/index.php\/produkt\/apple-watch-sportarmband-silikon-nike-2\/\",\"url\":\"https:\/\/www.groods.de\/index.php\/produkt\/apple-watch-sportarmband-silikon-nike-2\/\",\"name\":\"Apple Watch - Sportarmband Silikon Nike - gRoods\",\"isPartOf\":{\"@id\":\"https:\/\/www.groods.de\/#website\"},\"primaryImageOfPage\":{\"@id\":\"https:\/\/www.groods.de\/index.php\/produkt\/apple-watch-sportarmband-silikon-nike-2\/#primaryimage\"},\"image\":{\"@id\":\"https:\/\/www.groods.de\/index.php\/produkt\/apple-watch-sportarmband-silikon-nike-2\/#primaryimage\"},\"thumbnailUrl\":\"https:\/\/www.groods.de\/wp-content\/uploads\/2025\/12\/AWSPLSN2-Nike20Sportarmabnd20Colors.jpg\",\"datePublished\":\"2025-12-10T23:08:46+00:00\",\"dateModified\":\"2025-12-10T23:12:53+00:00\",\"breadcrumb\":{\"@id\":\"https:\/\/www.groods.de\/index.php\/produkt\/apple-watch-sportarmband-silikon-nike-2\/#breadcrumb\"},\"inLanguage\":\"de\",\"potentialAction\":[{\"@type\":\"ReadAction\",\"target\":[\"https:\/\/www.groods.de\/index.php\/produkt\/apple-watch-sportarmband-silikon-nike-2\/\"]}]},{\"@type\":\"ImageObject\",\"inLanguage\":\"de\",\"@id\":\"https:\/\/www.groods.de\/index.php\/produkt\/apple-watch-sportarmband-silikon-nike-2\/#primaryimage\",\"url\":\"https:\/\/www.groods.de\/wp-content\/uploads\/2025\/12\/AWSPLSN2-Nike20Sportarmabnd20Colors.jpg\",\"contentUrl\":\"https:\/\/www.groods.de\/wp-content\/uploads\/2025\/12\/AWSPLSN2-Nike20Sportarmabnd20Colors.jpg\",\"width\":1000,\"height\":1000},{\"@type\":\"BreadcrumbList\",\"@id\":\"https:\/\/www.groods.de\/index.php\/produkt\/apple-watch-sportarmband-silikon-nike-2\/#breadcrumb\",\"itemListElement\":[{\"@type\":\"ListItem\",\"position\":1,\"name\":\"Startseite\",\"item\":\"https:\/\/www.groods.de\/\"},{\"@type\":\"ListItem\",\"position\":2,\"name\":\"Shop\",\"item\":\"https:\/\/www.groods.de\/index.php\/shop\/\"},{\"@type\":\"ListItem\",\"position\":3,\"name\":\"Apple Watch &#8211; Sportarmband Silikon Nike\"}]},{\"@type\":\"WebSite\",\"@id\":\"https:\/\/www.groods.de\/#website\",\"url\":\"https:\/\/www.groods.de\/\",\"name\":\"gRoods.de\",\"description\":\"Entdecke die Welt der Speedcubes\",\"publisher\":{\"@id\":\"https:\/\/www.groods.de\/#organization\"},\"potentialAction\":[{\"@type\":\"SearchAction\",\"target\":{\"@type\":\"EntryPoint\",\"urlTemplate\":\"https:\/\/www.groods.de\/?s={search_term_string}\"},\"query-input\":{\"@type\":\"PropertyValueSpecification\",\"valueRequired\":true,\"valueName\":\"search_term_string\"}}],\"inLanguage\":\"de\"},{\"@type\":\"Organization\",\"@id\":\"https:\/\/www.groods.de\/#organization\",\"name\":\"gRoods.de\",\"url\":\"https:\/\/www.groods.de\/\",\"logo\":{\"@type\":\"ImageObject\",\"inLanguage\":\"de\",\"@id\":\"https:\/\/www.groods.de\/#\/schema\/logo\/image\/\",\"url\":\"https:\/\/www.groods.de\/wp-content\/uploads\/2018\/08\/logo.png\",\"contentUrl\":\"https:\/\/www.groods.de\/wp-content\/uploads\/2018\/08\/logo.png\",\"width\":1077,\"height\":373,\"caption\":\"gRoods.de\"},\"image\":{\"@id\":\"https:\/\/www.groods.de\/#\/schema\/logo\/image\/\"}}]}<\/script>\n<!-- \/ Yoast SEO plugin. -->","yoast_head_json":{"title":"Apple Watch - Sportarmband Silikon Nike - gRoods","robots":{"index":"index","follow":"follow","max-snippet":"max-snippet:-1","max-image-preview":"max-image-preview:large","max-video-preview":"max-video-preview:-1"},"canonical":"https:\/\/www.groods.de\/index.php\/produkt\/apple-watch-sportarmband-silikon-nike-2\/","og_locale":"de_DE","og_type":"article","og_title":"Apple Watch - Sportarmband Silikon Nike - gRoods","og_description":"Gefertigt ist unser Armband mit formgepressten Perforationen f\u00fcr eine bessere Bel\u00fcftung. Dies macht das Nike Sportarmband widerstandsf\u00e4hig, robust und dabei erstaunlich weich. Es enth\u00e4lt bunte Flocken, die ein zuf\u00e4lliges und einmaliges Muster ergeben. Das macht jedes Armband zu einem Unikat, dass nur Du besitzt. Das weiche, dichte Material legt sich elegant um dein Handgelenk und [&hellip;]","og_url":"https:\/\/www.groods.de\/index.php\/produkt\/apple-watch-sportarmband-silikon-nike-2\/","og_site_name":"gRoods","article_modified_time":"2025-12-10T23:12:53+00:00","og_image":[{"width":1000,"height":1000,"url":"https:\/\/www.groods.de\/wp-content\/uploads\/2025\/12\/AWSPLSN2-Nike20Sportarmabnd20Colors.jpg","type":"image\/jpeg"}],"twitter_card":"summary_large_image","twitter_misc":{"Gesch\u00e4tzte Lesezeit":"1\u00a0Minute"},"schema":{"@context":"https:\/\/schema.org","@graph":[{"@type":"WebPage","@id":"https:\/\/www.groods.de\/index.php\/produkt\/apple-watch-sportarmband-silikon-nike-2\/","url":"https:\/\/www.groods.de\/index.php\/produkt\/apple-watch-sportarmband-silikon-nike-2\/","name":"Apple Watch - Sportarmband Silikon Nike - gRoods","isPartOf":{"@id":"https:\/\/www.groods.de\/#website"},"primaryImageOfPage":{"@id":"https:\/\/www.groods.de\/index.php\/produkt\/apple-watch-sportarmband-silikon-nike-2\/#primaryimage"},"image":{"@id":"https:\/\/www.groods.de\/index.php\/produkt\/apple-watch-sportarmband-silikon-nike-2\/#primaryimage"},"thumbnailUrl":"https:\/\/www.groods.de\/wp-content\/uploads\/2025\/12\/AWSPLSN2-Nike20Sportarmabnd20Colors.jpg","datePublished":"2025-12-10T23:08:46+00:00","dateModified":"2025-12-10T23:12:53+00:00","breadcrumb":{"@id":"https:\/\/www.groods.de\/index.php\/produkt\/apple-watch-sportarmband-silikon-nike-2\/#breadcrumb"},"inLanguage":"de","potentialAction":[{"@type":"ReadAction","target":["https:\/\/www.groods.de\/index.php\/produkt\/apple-watch-sportarmband-silikon-nike-2\/"]}]},{"@type":"ImageObject","inLanguage":"de","@id":"https:\/\/www.groods.de\/index.php\/produkt\/apple-watch-sportarmband-silikon-nike-2\/#primaryimage","url":"https:\/\/www.groods.de\/wp-content\/uploads\/2025\/12\/AWSPLSN2-Nike20Sportarmabnd20Colors.jpg","contentUrl":"https:\/\/www.groods.de\/wp-content\/uploads\/2025\/12\/AWSPLSN2-Nike20Sportarmabnd20Colors.jpg","width":1000,"height":1000},{"@type":"BreadcrumbList","@id":"https:\/\/www.groods.de\/index.php\/produkt\/apple-watch-sportarmband-silikon-nike-2\/#breadcrumb","itemListElement":[{"@type":"ListItem","position":1,"name":"Startseite","item":"https:\/\/www.groods.de\/"},{"@type":"ListItem","position":2,"name":"Shop","item":"https:\/\/www.groods.de\/index.php\/shop\/"},{"@type":"ListItem","position":3,"name":"Apple Watch &#8211; Sportarmband Silikon Nike"}]},{"@type":"WebSite","@id":"https:\/\/www.groods.de\/#website","url":"https:\/\/www.groods.de\/","name":"gRoods.de","description":"Entdecke die Welt der Speedcubes","publisher":{"@id":"https:\/\/www.groods.de\/#organization"},"potentialAction":[{"@type":"SearchAction","target":{"@type":"EntryPoint","urlTemplate":"https:\/\/www.groods.de\/?s={search_term_string}"},"query-input":{"@type":"PropertyValueSpecification","valueRequired":true,"valueName":"search_term_string"}}],"inLanguage":"de"},{"@type":"Organization","@id":"https:\/\/www.groods.de\/#organization","name":"gRoods.de","url":"https:\/\/www.groods.de\/","logo":{"@type":"ImageObject","inLanguage":"de","@id":"https:\/\/www.groods.de\/#\/schema\/logo\/image\/","url":"https:\/\/www.groods.de\/wp-content\/uploads\/2018\/08\/logo.png","contentUrl":"https:\/\/www.groods.de\/wp-content\/uploads\/2018\/08\/logo.png","width":1077,"height":373,"caption":"gRoods.de"},"image":{"@id":"https:\/\/www.groods.de\/#\/schema\/logo\/image\/"}}]}},"_links":{"self":[{"href":"https:\/\/www.groods.de\/index.php\/wp-json\/wp\/v2\/product\/12495","targetHints":{"allow":["GET"]}}],"collection":[{"href":"https:\/\/www.groods.de\/index.php\/wp-json\/wp\/v2\/product"}],"about":[{"href":"https:\/\/www.groods.de\/index.php\/wp-json\/wp\/v2\/types\/product"}],"replies":[{"embeddable":true,"href":"https:\/\/www.groods.de\/index.php\/wp-json\/wp\/v2\/comments?post=12495"}],"wp:featuredmedia":[{"embeddable":true,"href":"https:\/\/www.groods.de\/index.php\/wp-json\/wp\/v2\/media\/12494"}],"wp:attachment":[{"href":"https:\/\/www.groods.de\/index.php\/wp-json\/wp\/v2\/media?parent=12495"}],"wp:term":[{"taxonomy":"product_brand","embeddable":true,"href":"https:\/\/www.groods.de\/index.php\/wp-json\/wp\/v2\/product_brand?post=12495"},{"taxonomy":"product_cat","embeddable":true,"href":"https:\/\/www.groods.de\/index.php\/wp-json\/wp\/v2\/product_cat?post=12495"},{"taxonomy":"product_tag","embeddable":true,"href":"https:\/\/www.groods.de\/index.php\/wp-json\/wp\/v2\/product_tag?post=12495"}],"curies":[{"name":"wp","href":"https:\/\/api.w.org\/{rel}","templated":true}]}}