{"id":277,"date":"2018-08-26T17:54:54","date_gmt":"2018-08-26T15:54:54","guid":{"rendered":"https:\/\/www.groods.de\/?page_id=277"},"modified":"2022-08-22T19:46:39","modified_gmt":"2022-08-22T17:46:39","slug":"herzlich-willkommen","status":"publish","type":"page","link":"https:\/\/www.groods.de\/","title":{"rendered":"Herzlich willkommen"},"content":{"rendered":"<p>Zauberw\u00fcrfel, Magic Cube, Speedcube in den verschiedensten Gr\u00f6\u00dfen und Formen! Hier k\u00f6nnen Sie alles zu g\u00fcnstigen Preisen kaufen!<\/p>\n<p>Willkommen in unserem Shop der sich voll und ganz den Zauberw\u00fcrfeln widmet. Entdecken sie die neuesten Trends und Produkte! Wir erweitern kontinuierlich unser Sortiment und testen jeden W\u00fcrfel intensiv bevor wir ihn aufnehmen.<\/p>\n<p>Mit dem Gutschein <strong>WELCOME10<\/strong>\u00a0erhalten Sie 10 % auf Ihren gesamten Einkauf! Ab 80 Euro versenden wir sogar versandkostenfrei!<\/p>\n","protected":false},"excerpt":{"rendered":"<p>Zauberw\u00fcrfel, Magic Cube, Speedcube in den verschiedensten Gr\u00f6\u00dfen und Formen! Hier k\u00f6nnen Sie alles zu g\u00fcnstigen Preisen kaufen! Willkommen in unserem Shop der sich voll und ganz den Zauberw\u00fcrfeln widmet. Entdecken sie die neuesten Trends und Produkte! Wir erweitern kontinuierlich unser Sortiment und testen jeden W\u00fcrfel intensiv bevor wir ihn aufnehmen. Mit dem Gutschein WELCOME10\u00a0erhalten [&hellip;]<\/p>\n","protected":false},"author":1,"featured_media":0,"parent":0,"menu_order":0,"comment_status":"closed","ping_status":"closed","template":"template-homepage.php","meta":{"footnotes":""},"class_list":["post-277","page","type-page","status-publish","hentry"],"yoast_head":"<!-- This site is optimized with the Yoast SEO plugin v26.7 - https:\/\/yoast.com\/wordpress\/plugins\/seo\/ -->\n<title>Herzlich willkommen - gRoods<\/title>\n<meta name=\"robots\" content=\"index, follow, max-snippet:-1, max-image-preview:large, max-video-preview:-1\" \/>\n<link rel=\"canonical\" href=\"https:\/\/www.groods.de\/\" \/>\n<meta property=\"og:locale\" content=\"de_DE\" \/>\n<meta property=\"og:type\" content=\"article\" \/>\n<meta property=\"og:title\" content=\"Herzlich willkommen - gRoods\" \/>\n<meta property=\"og:description\" content=\"Zauberw\u00fcrfel, Magic Cube, Speedcube in den verschiedensten Gr\u00f6\u00dfen und Formen! Hier k\u00f6nnen Sie alles zu g\u00fcnstigen Preisen kaufen! Willkommen in unserem Shop der sich voll und ganz den Zauberw\u00fcrfeln widmet. Entdecken sie die neuesten Trends und Produkte! Wir erweitern kontinuierlich unser Sortiment und testen jeden W\u00fcrfel intensiv bevor wir ihn aufnehmen. Mit dem Gutschein WELCOME10\u00a0erhalten [&hellip;]\" \/>\n<meta property=\"og:url\" content=\"https:\/\/www.groods.de\/\" \/>\n<meta property=\"og:site_name\" content=\"gRoods\" \/>\n<meta property=\"article:modified_time\" content=\"2022-08-22T17:46:39+00:00\" \/>\n<meta name=\"twitter:card\" content=\"summary_large_image\" \/>\n<meta name=\"twitter:label1\" content=\"Gesch\u00e4tzte Lesezeit\" \/>\n\t<meta name=\"twitter:data1\" content=\"1\u00a0Minute\" \/>\n<script type=\"application\/ld+json\" class=\"yoast-schema-graph\">{\"@context\":\"https:\/\/schema.org\",\"@graph\":[{\"@type\":\"WebPage\",\"@id\":\"https:\/\/www.groods.de\/\",\"url\":\"https:\/\/www.groods.de\/\",\"name\":\"Herzlich willkommen - gRoods\",\"isPartOf\":{\"@id\":\"https:\/\/www.groods.de\/#website\"},\"datePublished\":\"2018-08-26T15:54:54+00:00\",\"dateModified\":\"2022-08-22T17:46:39+00:00\",\"breadcrumb\":{\"@id\":\"https:\/\/www.groods.de\/#breadcrumb\"},\"inLanguage\":\"de\",\"potentialAction\":[{\"@type\":\"ReadAction\",\"target\":[\"https:\/\/www.groods.de\/\"]}]},{\"@type\":\"BreadcrumbList\",\"@id\":\"https:\/\/www.groods.de\/#breadcrumb\",\"itemListElement\":[{\"@type\":\"ListItem\",\"position\":1,\"name\":\"Startseite\",\"item\":\"https:\/\/www.groods.de\/\"},{\"@type\":\"ListItem\",\"position\":2,\"name\":\"Herzlich willkommen\"}]},{\"@type\":\"WebSite\",\"@id\":\"https:\/\/www.groods.de\/#website\",\"url\":\"https:\/\/www.groods.de\/\",\"name\":\"gRoods.de\",\"description\":\"Entdecke die Welt der Speedcubes\",\"publisher\":{\"@id\":\"https:\/\/www.groods.de\/#organization\"},\"potentialAction\":[{\"@type\":\"SearchAction\",\"target\":{\"@type\":\"EntryPoint\",\"urlTemplate\":\"https:\/\/www.groods.de\/?s={search_term_string}\"},\"query-input\":{\"@type\":\"PropertyValueSpecification\",\"valueRequired\":true,\"valueName\":\"search_term_string\"}}],\"inLanguage\":\"de\"},{\"@type\":\"Organization\",\"@id\":\"https:\/\/www.groods.de\/#organization\",\"name\":\"gRoods.de\",\"url\":\"https:\/\/www.groods.de\/\",\"logo\":{\"@type\":\"ImageObject\",\"inLanguage\":\"de\",\"@id\":\"https:\/\/www.groods.de\/#\/schema\/logo\/image\/\",\"url\":\"https:\/\/www.groods.de\/wp-content\/uploads\/2018\/08\/logo.png\",\"contentUrl\":\"https:\/\/www.groods.de\/wp-content\/uploads\/2018\/08\/logo.png\",\"width\":1077,\"height\":373,\"caption\":\"gRoods.de\"},\"image\":{\"@id\":\"https:\/\/www.groods.de\/#\/schema\/logo\/image\/\"}}]}<\/script>\n<!-- \/ Yoast SEO plugin. -->","yoast_head_json":{"title":"Herzlich willkommen - gRoods","robots":{"index":"index","follow":"follow","max-snippet":"max-snippet:-1","max-image-preview":"max-image-preview:large","max-video-preview":"max-video-preview:-1"},"canonical":"https:\/\/www.groods.de\/","og_locale":"de_DE","og_type":"article","og_title":"Herzlich willkommen - gRoods","og_description":"Zauberw\u00fcrfel, Magic Cube, Speedcube in den verschiedensten Gr\u00f6\u00dfen und Formen! Hier k\u00f6nnen Sie alles zu g\u00fcnstigen Preisen kaufen! Willkommen in unserem Shop der sich voll und ganz den Zauberw\u00fcrfeln widmet. Entdecken sie die neuesten Trends und Produkte! Wir erweitern kontinuierlich unser Sortiment und testen jeden W\u00fcrfel intensiv bevor wir ihn aufnehmen. Mit dem Gutschein WELCOME10\u00a0erhalten [&hellip;]","og_url":"https:\/\/www.groods.de\/","og_site_name":"gRoods","article_modified_time":"2022-08-22T17:46:39+00:00","twitter_card":"summary_large_image","twitter_misc":{"Gesch\u00e4tzte Lesezeit":"1\u00a0Minute"},"schema":{"@context":"https:\/\/schema.org","@graph":[{"@type":"WebPage","@id":"https:\/\/www.groods.de\/","url":"https:\/\/www.groods.de\/","name":"Herzlich willkommen - gRoods","isPartOf":{"@id":"https:\/\/www.groods.de\/#website"},"datePublished":"2018-08-26T15:54:54+00:00","dateModified":"2022-08-22T17:46:39+00:00","breadcrumb":{"@id":"https:\/\/www.groods.de\/#breadcrumb"},"inLanguage":"de","potentialAction":[{"@type":"ReadAction","target":["https:\/\/www.groods.de\/"]}]},{"@type":"BreadcrumbList","@id":"https:\/\/www.groods.de\/#breadcrumb","itemListElement":[{"@type":"ListItem","position":1,"name":"Startseite","item":"https:\/\/www.groods.de\/"},{"@type":"ListItem","position":2,"name":"Herzlich willkommen"}]},{"@type":"WebSite","@id":"https:\/\/www.groods.de\/#website","url":"https:\/\/www.groods.de\/","name":"gRoods.de","description":"Entdecke die Welt der Speedcubes","publisher":{"@id":"https:\/\/www.groods.de\/#organization"},"potentialAction":[{"@type":"SearchAction","target":{"@type":"EntryPoint","urlTemplate":"https:\/\/www.groods.de\/?s={search_term_string}"},"query-input":{"@type":"PropertyValueSpecification","valueRequired":true,"valueName":"search_term_string"}}],"inLanguage":"de"},{"@type":"Organization","@id":"https:\/\/www.groods.de\/#organization","name":"gRoods.de","url":"https:\/\/www.groods.de\/","logo":{"@type":"ImageObject","inLanguage":"de","@id":"https:\/\/www.groods.de\/#\/schema\/logo\/image\/","url":"https:\/\/www.groods.de\/wp-content\/uploads\/2018\/08\/logo.png","contentUrl":"https:\/\/www.groods.de\/wp-content\/uploads\/2018\/08\/logo.png","width":1077,"height":373,"caption":"gRoods.de"},"image":{"@id":"https:\/\/www.groods.de\/#\/schema\/logo\/image\/"}}]}},"_links":{"self":[{"href":"https:\/\/www.groods.de\/index.php\/wp-json\/wp\/v2\/pages\/277","targetHints":{"allow":["GET"]}}],"collection":[{"href":"https:\/\/www.groods.de\/index.php\/wp-json\/wp\/v2\/pages"}],"about":[{"href":"https:\/\/www.groods.de\/index.php\/wp-json\/wp\/v2\/types\/page"}],"author":[{"embeddable":true,"href":"https:\/\/www.groods.de\/index.php\/wp-json\/wp\/v2\/users\/1"}],"replies":[{"embeddable":true,"href":"https:\/\/www.groods.de\/index.php\/wp-json\/wp\/v2\/comments?post=277"}],"version-history":[{"count":18,"href":"https:\/\/www.groods.de\/index.php\/wp-json\/wp\/v2\/pages\/277\/revisions"}],"predecessor-version":[{"id":8753,"href":"https:\/\/www.groods.de\/index.php\/wp-json\/wp\/v2\/pages\/277\/revisions\/8753"}],"wp:attachment":[{"href":"https:\/\/www.groods.de\/index.php\/wp-json\/wp\/v2\/media?parent=277"}],"curies":[{"name":"wp","href":"https:\/\/api.w.org\/{rel}","templated":true}]}}